Last updated on 2023-11-29 04:57:19 CET.
Flavor | Version | Tinstall | Tcheck | Ttotal | Status | Flags |
---|---|---|---|---|---|---|
r-devel-linux-x86_64-debian-clang | 0.4.1 | 5.82 | 52.69 | 58.51 | OK | |
r-devel-linux-x86_64-debian-gcc | 0.4.1 | 4.50 | 40.04 | 44.54 | OK | |
r-devel-linux-x86_64-fedora-clang | 0.4.1 | 71.36 | OK | |||
r-devel-linux-x86_64-fedora-gcc | 0.4.1 | 79.24 | OK | |||
r-devel-windows-x86_64 | 0.4.1 | 6.00 | 62.00 | 68.00 | OK | |
r-patched-linux-x86_64 | 0.4.1 | 3.44 | 50.39 | 53.83 | OK | |
r-release-linux-x86_64 | 0.4.1 | 5.20 | 50.69 | 55.89 | OK | |
r-release-macos-arm64 | 0.4.1 | 35.00 | OK | |||
r-release-macos-x86_64 | 0.4.1 | 102.00 | OK | |||
r-release-windows-x86_64 | 0.4.1 | 8.00 | 67.00 | 75.00 | OK | |
r-oldrel-macos-arm64 | 0.4.1 | 36.00 | OK | |||
r-oldrel-macos-x86_64 | 0.3.7 | 49.00 | NOTE | |||
r-oldrel-windows-x86_64 | 0.4.1 | 8.00 | 69.00 | 77.00 | OK |
Version: 0.3.7
Check: LazyData
Result: NOTE
'LazyData' is specified without a 'data' directory
Flavor: r-oldrel-macos-x86_64