Last updated on 2023-12-02 04:52:12 CET.
Flavor | Version | Tinstall | Tcheck | Ttotal | Status | Flags |
---|---|---|---|---|---|---|
r-devel-linux-x86_64-debian-clang | 1.0.13 | 7.41 | 74.73 | 82.14 | NOTE | |
r-devel-linux-x86_64-debian-gcc | 1.0.13 | 6.33 | 55.65 | 61.98 | NOTE | |
r-devel-linux-x86_64-fedora-clang | 1.0.13 | 101.95 | OK | |||
r-devel-linux-x86_64-fedora-gcc | 1.0.13 | 94.95 | OK | |||
r-devel-windows-x86_64 | 1.0.13 | 8.00 | 75.00 | 83.00 | OK | |
r-patched-linux-x86_64 | 1.0.13 | 13.26 | 70.00 | 83.26 | OK | |
r-release-linux-x86_64 | 1.0.13 | 7.40 | 69.66 | 77.06 | OK | |
r-release-macos-arm64 | 1.0.13 | 35.00 | OK | |||
r-release-macos-x86_64 | 1.0.13 | 45.00 | OK | |||
r-release-windows-x86_64 | 1.0.13 | 11.00 | 86.00 | 97.00 | OK | |
r-oldrel-macos-arm64 | 1.0.13 | 31.00 | OK | |||
r-oldrel-macos-x86_64 | 1.0.13 | 44.00 | OK | |||
r-oldrel-windows-x86_64 | 1.0.13 | 12.00 | 89.00 | 101.00 | OK |
Version: 1.0.13
Check: Rd files
Result: NOTE
checkRd: (-1) allpairs.egcm.Rd:31: Lost braces in \itemize; \value handles \item{}{} directly
checkRd: (-1) allpairs.egcm.Rd:32: Lost braces in \itemize; \value handles \item{}{} directly
checkRd: (-1) allpairs.egcm.Rd:33-34: Lost braces in \itemize; \value handles \item{}{} directly
checkRd: (-1) allpairs.egcm.Rd:35-36: Lost braces in \itemize; \value handles \item{}{} directly
checkRd: (-1) allpairs.egcm.Rd:37-38: Lost braces in \itemize; \value handles \item{}{} directly
checkRd: (-1) allpairs.egcm.Rd:39: Lost braces in \itemize; \value handles \item{}{} directly
checkRd: (-1) allpairs.egcm.Rd:40: Lost braces in \itemize; \value handles \item{}{} directly
checkRd: (-1) allpairs.egcm.Rd:41: Lost braces in \itemize; \value handles \item{}{} directly
checkRd: (-1) allpairs.egcm.Rd:42: Lost braces in \itemize; \value handles \item{}{} directly
checkRd: (-1) allpairs.egcm.Rd:43: Lost braces in \itemize; \value handles \item{}{} directly
checkRd: (-1) allpairs.egcm.Rd:44: Lost braces in \itemize; \value handles \item{}{} directly
checkRd: (-1) allpairs.egcm.Rd:45: Lost braces in \itemize; \value handles \item{}{} directly
checkRd: (-1) allpairs.egcm.Rd:46: Lost braces in \itemize; \value handles \item{}{} directly
checkRd: (-1) allpairs.egcm.Rd:47: Lost braces in \itemize; \value handles \item{}{} directly
checkRd: (-1) allpairs.egcm.Rd:48: Lost braces in \itemize; \value handles \item{}{} directly
checkRd: (-1) allpairs.egcm.Rd:49-50: Lost braces in \itemize; \value handles \item{}{} directly
checkRd: (-1) allpairs.egcm.Rd:51: Lost braces in \itemize; \value handles \item{}{} directly
checkRd: (-1) allpairs.egcm.Rd:52-53: Lost braces in \itemize; \value handles \item{}{} directly
checkRd: (-1) allpairs.egcm.Rd:54: Lost braces in \itemize; \value handles \item{}{} directly
checkRd: (-1) allpairs.egcm.Rd:55: Lost braces in \itemize; \value handles \item{}{} directly
checkRd: (-1) allpairs.egcm.Rd:56: Lost braces in \itemize; \value handles \item{}{} directly
checkRd: (-1) allpairs.egcm.Rd:57: Lost braces in \itemize; \value handles \item{}{} directly
checkRd: (-1) allpairs.egcm.Rd:58: Lost braces in \itemize; \value handles \item{}{} directly
checkRd: (-1) allpairs.egcm.Rd:59: Lost braces in \itemize; \value handles \item{}{} directly
Flavors: r-devel-linux-x86_64-debian-clang, r-devel-linux-x86_64-debian-gcc