Last updated on 2023-09-28 05:56:46 CEST.
Flavor | Version | Tinstall | Tcheck | Ttotal | Status | Flags |
---|---|---|---|---|---|---|
r-devel-linux-x86_64-debian-clang | 0.8.6 | 9.50 | 344.57 | 354.07 | OK | |
r-devel-linux-x86_64-debian-gcc | 0.8.6 | 8.43 | 255.16 | 263.59 | OK | |
r-devel-linux-x86_64-fedora-clang | 0.8.6 | 442.56 | OK | |||
r-devel-linux-x86_64-fedora-gcc | 0.8.6 | 447.74 | OK | |||
r-devel-windows-x86_64 | 0.8.6 | 14.00 | 246.00 | 260.00 | OK | |
r-patched-linux-x86_64 | 0.8.6 | 12.38 | 329.81 | 342.19 | OK | |
r-release-linux-x86_64 | 0.8.6 | 10.65 | 304.83 | 315.48 | NOTE | |
r-release-macos-arm64 | 0.8.6 | 143.00 | OK | |||
r-release-macos-x86_64 | 0.8.6 | 249.00 | OK | |||
r-release-windows-x86_64 | 0.8.6 | 18.00 | 318.00 | 336.00 | OK | |
r-oldrel-macos-arm64 | 0.8.6 | 119.00 | OK | |||
r-oldrel-macos-x86_64 | 0.8.6 | 147.00 | OK | |||
r-oldrel-windows-x86_64 | 0.8.6 | 17.00 | 313.00 | 330.00 | OK |
Version: 0.8.6
Check: package dependencies
Result: NOTE
Package suggested but not available for checking: ‘rstanarm’
Flavor: r-release-linux-x86_64