CRAN Package Check Results for Package ef

Last updated on 2024-02-21 04:55:38 CET.

Flavor Version Tinstall Tcheck Ttotal Status Flags
r-devel-linux-x86_64-debian-clang 1.2.0 OK
r-devel-linux-x86_64-debian-gcc 1.2.0 79.40 68.01 147.41 OK
r-devel-linux-x86_64-fedora-clang 1.2.0 210.62 OK
r-devel-linux-x86_64-fedora-gcc 1.2.0 258.75 OK
r-devel-windows-x86_64 1.2.0 63.00 98.00 161.00 NOTE
r-patched-linux-x86_64 1.2.0 92.33 88.77 181.10 OK
r-release-linux-x86_64 1.2.0 93.43 90.30 183.73 OK
r-release-macos-arm64 1.2.0 74.00 NOTE
r-release-macos-x86_64 1.2.0 111.00 NOTE
r-release-windows-x86_64 1.2.0 79.00 123.00 202.00 NOTE
r-oldrel-macos-arm64 1.2.0 62.00 NOTE
r-oldrel-windows-x86_64 1.2.0 73.00 117.00 190.00 NOTE

Check Details

Version: 1.2.0
Check: installed package size
Result: NOTE installed size is 12.7Mb sub-directories of 1Mb or more: libs 12.6Mb Flavors: r-devel-windows-x86_64, r-release-macos-arm64, r-release-macos-x86_64, r-release-windows-x86_64, r-oldrel-macos-arm64, r-oldrel-windows-x86_64