Last updated on 2023-09-25 06:11:01 CEST.
Flavor | Version | Tinstall | Tcheck | Ttotal | Status | Flags |
---|---|---|---|---|---|---|
r-devel-linux-x86_64-debian-clang | 2.9.3 | 10.41 | 78.95 | 89.36 | NOTE | |
r-devel-linux-x86_64-debian-gcc | 2.9.3 | 7.57 | 60.74 | 68.31 | NOTE | |
r-devel-linux-x86_64-fedora-clang | 2.9.3 | 109.21 | NOTE | |||
r-devel-linux-x86_64-fedora-gcc | 2.9.3 | 123.08 | NOTE | |||
r-devel-windows-x86_64 | 2.9.3 | 10.00 | 97.00 | 107.00 | NOTE | |
r-patched-linux-x86_64 | 2.9.3 | 12.84 | 77.72 | 90.56 | OK | |
r-release-linux-x86_64 | 2.9.3 | 10.21 | 77.16 | 87.37 | OK | |
r-release-macos-arm64 | 2.9.3 | 42.00 | OK | |||
r-release-macos-x86_64 | 2.9.3 | 56.00 | OK | |||
r-release-windows-x86_64 | 2.9.3 | 11.00 | 103.00 | 114.00 | OK | |
r-oldrel-macos-arm64 | 2.9.3 | 36.00 | OK | |||
r-oldrel-macos-x86_64 | 2.9.3 | 46.00 | OK | |||
r-oldrel-windows-x86_64 | 2.9.3 | 12.00 | 90.00 | 102.00 | OK |
Version: 2.9.3
Check: Rd \usage sections
Result: NOTE
Documented arguments not in \usage in documentation object 'fcf.env':
‘vars’
Documented arguments not in \usage in documentation object 'getlevels':
‘editarray’
Documented arguments not in \usage in documentation object 'parseCatEdit':
‘e’
Functions with \usage entries need to have the appropriate \alias
entries, and all their arguments documented.
The \usage entries must correspond to syntactically valid R code.
See chapter ‘Writing R documentation files’ in the ‘Writing R
Extensions’ manual.
Flavors: r-devel-linux-x86_64-debian-clang, r-devel-linux-x86_64-debian-gcc, r-devel-linux-x86_64-fedora-clang, r-devel-linux-x86_64-fedora-gcc, r-devel-windows-x86_64