Last updated on 2023-10-02 05:57:56 CEST.
Flavor | Version | Tinstall | Tcheck | Ttotal | Status | Flags |
---|---|---|---|---|---|---|
r-devel-linux-x86_64-debian-clang | 0.1.4 | 4.47 | 39.81 | 44.28 | NOTE | |
r-devel-linux-x86_64-debian-gcc | 0.1.4 | 3.61 | 31.27 | 34.88 | NOTE | |
r-devel-linux-x86_64-fedora-clang | 0.1.4 | 53.76 | NOTE | |||
r-devel-linux-x86_64-fedora-gcc | 0.1.4 | 53.46 | NOTE | |||
r-devel-windows-x86_64 | 0.1.4 | 5.00 | 52.00 | 57.00 | NOTE | |
r-patched-linux-x86_64 | 0.1.4 | 4.78 | 38.48 | 43.26 | NOTE | |
r-release-linux-x86_64 | 0.1.4 | 4.67 | 39.25 | 43.92 | NOTE | |
r-release-macos-arm64 | 0.1.4 | 22.00 | NOTE | |||
r-release-macos-x86_64 | 0.1.4 | 31.00 | NOTE | |||
r-release-windows-x86_64 | 0.1.4 | 8.00 | 54.00 | 62.00 | NOTE | |
r-oldrel-macos-arm64 | 0.1.4 | 23.00 | NOTE | |||
r-oldrel-macos-x86_64 | 0.1.4 | 39.00 | NOTE | |||
r-oldrel-windows-x86_64 | 0.1.4 | 8.00 | 62.00 | 70.00 | NOTE |
Version: 0.1.4
Check: LazyData
Result: NOTE
'LazyData' is specified without a 'data' directory
Flavors: r-devel-linux-x86_64-debian-clang, r-devel-linux-x86_64-debian-gcc, r-devel-linux-x86_64-fedora-clang, r-devel-linux-x86_64-fedora-gcc, r-devel-windows-x86_64, r-patched-linux-x86_64, r-release-linux-x86_64, r-release-macos-arm64, r-release-macos-x86_64, r-release-windows-x86_64, r-oldrel-macos-arm64, r-oldrel-macos-x86_64, r-oldrel-windows-x86_64