CRAN Package Check Results for Package edgebundle

Last updated on 2024-02-29 04:54:13 CET.

Flavor Version Tinstall Tcheck Ttotal Status Flags
r-devel-linux-x86_64-debian-clang 0.4.2 38.10 99.69 137.79 OK
r-devel-linux-x86_64-debian-gcc 0.4.2 31.82 74.27 106.09 OK
r-devel-linux-x86_64-fedora-clang 0.4.2 180.26 NOTE
r-devel-linux-x86_64-fedora-gcc 0.4.2 175.11 NOTE
r-devel-windows-x86_64 0.4.2 32.00 110.00 142.00 OK
r-patched-linux-x86_64 0.4.2 39.03 95.95 134.98 OK
r-release-linux-x86_64 0.4.2 37.69 97.80 135.49 OK
r-release-macos-arm64 0.4.2 54.00 OK
r-release-macos-x86_64 0.4.2 116.00 OK
r-release-windows-x86_64 0.4.2 40.00 127.00 167.00 OK
r-oldrel-macos-arm64 0.4.2 54.00 OK
r-oldrel-windows-x86_64 0.4.2 41.00 118.00 159.00 OK

Check Details

Version: 0.4.2
Check: data for non-ASCII characters
Result: NOTE Note: found 22 marked UTF-8 strings Flavors: r-devel-linux-x86_64-fedora-clang, r-devel-linux-x86_64-fedora-gcc