Last updated on 2023-12-02 04:52:12 CET.
Flavor | Version | Tinstall | Tcheck | Ttotal | Status | Flags |
---|---|---|---|---|---|---|
r-devel-linux-x86_64-debian-clang | 0.3.1 | 39.42 | 328.13 | 367.55 | NOTE | |
r-devel-linux-x86_64-debian-gcc | 0.3.1 | 31.42 | 238.89 | 270.31 | NOTE | |
r-devel-linux-x86_64-fedora-clang | 0.3.1 | 453.73 | OK | |||
r-devel-linux-x86_64-fedora-gcc | 0.3.1 | 464.09 | OK | |||
r-devel-windows-x86_64 | 0.3.1 | 29.00 | 205.00 | 234.00 | OK | |
r-patched-linux-x86_64 | 0.3.1 | 24.56 | 311.95 | 336.51 | OK | |
r-release-linux-x86_64 | 0.3.1 | 25.12 | 316.48 | 341.60 | OK | |
r-release-macos-arm64 | 0.3.1 | 129.00 | OK | |||
r-release-macos-x86_64 | 0.3.1 | 214.00 | OK | |||
r-release-windows-x86_64 | 0.3.1 | 41.00 | 267.00 | 308.00 | OK | |
r-oldrel-macos-arm64 | 0.3.1 | 105.00 | OK | |||
r-oldrel-macos-x86_64 | 0.3.1 | 145.00 | OK | |||
r-oldrel-windows-x86_64 | 0.3.1 | 41.00 | 266.00 | 307.00 | OK |
Version: 0.3.1
Check: Rd files
Result: NOTE
checkRd: (-1) sd_map.Rd:33-34: Lost braces
33 | the map. \itemize{ \item{\code{elem} {displays elementary and unified
| ^
checkRd: (-1) sd_map.Rd:34: Lost braces; missing escapes or markup?
34 | districts}} \item{\code{secon} {displays secondary and unified districts}}}
| ^
Flavors: r-devel-linux-x86_64-debian-clang, r-devel-linux-x86_64-debian-gcc