CRAN Package Check Results for Package eatDB

Last updated on 2024-02-23 05:07:18 CET.

Flavor Version Tinstall Tcheck Ttotal Status Flags
r-devel-linux-x86_64-debian-clang 0.5.0 OK
r-devel-linux-x86_64-debian-gcc 0.5.0 2.11 22.53 24.64 OK
r-devel-linux-x86_64-fedora-clang 0.5.0 39.95 OK
r-devel-linux-x86_64-fedora-gcc 0.5.0 38.33 OK
r-devel-windows-x86_64 0.5.0 3.00 45.00 48.00 OK
r-patched-linux-x86_64 0.5.0 3.01 29.30 32.31 OK
r-release-linux-x86_64 0.5.0 2.60 28.95 31.55 OK
r-release-macos-arm64 0.5.0 20.00 OK
r-release-macos-x86_64 0.5.0 25.00 OK
r-release-windows-x86_64 0.5.0 4.00 55.00 59.00 OK
r-oldrel-macos-arm64 0.5.0 18.00 NOTE
r-oldrel-windows-x86_64 0.5.0 4.00 58.00 62.00 OK

Check Details

Version: 0.5.0
Check: dependencies in R code
Result: NOTE Namespace in Imports field not imported from: ‘RSQLite’ All declared Imports should be used. Flavor: r-oldrel-macos-arm64