CRAN Package Check Results for Package earlyR

Last updated on 2024-02-25 04:51:04 CET.

Flavor Version Tinstall Tcheck Ttotal Status Flags
r-devel-linux-x86_64-debian-clang 0.0.5 4.99 72.63 77.62 NOTE
r-devel-linux-x86_64-debian-gcc 0.0.5 4.30 55.28 59.58 NOTE
r-devel-linux-x86_64-fedora-clang 0.0.5 96.88 NOTE
r-devel-linux-x86_64-fedora-gcc 0.0.5 103.54 NOTE
r-devel-windows-x86_64 0.0.5 6.00 76.00 82.00 NOTE
r-patched-linux-x86_64 0.0.5 3.94 69.04 72.98 NOTE
r-release-linux-x86_64 0.0.5 3.65 69.60 73.25 NOTE
r-release-macos-arm64 0.0.5 38.00 NOTE
r-release-macos-x86_64 0.0.5 54.00 NOTE
r-release-windows-x86_64 0.0.5 9.00 89.00 98.00 NOTE
r-oldrel-macos-arm64 0.0.5 37.00 NOTE
r-oldrel-windows-x86_64 0.0.5 8.00 92.00 100.00 NOTE

Check Details

Version: 0.0.5
Check: Rd files
Result: NOTE checkRd: (-1) plot.earlyR.Rd:34-46: Lost braces 34 | if (require(incidence)) { | ^ Flavors: r-devel-linux-x86_64-debian-clang, r-devel-linux-x86_64-debian-gcc

Version: 0.0.5
Check: LazyData
Result: NOTE 'LazyData' is specified without a 'data' directory Flavors: r-devel-linux-x86_64-debian-clang, r-devel-linux-x86_64-debian-gcc, r-devel-linux-x86_64-fedora-clang, r-devel-linux-x86_64-fedora-gcc, r-devel-windows-x86_64, r-patched-linux-x86_64, r-release-linux-x86_64, r-release-macos-arm64, r-release-macos-x86_64, r-release-windows-x86_64, r-oldrel-macos-arm64, r-oldrel-windows-x86_64