CRAN Package Check Results for Package eaf

Last updated on 2024-06-14 05:58:21 CEST.

Flavor Version Tinstall Tcheck Ttotal Status Flags
r-devel-linux-x86_64-debian-clang 2.5 22.41 100.68 123.09 NOTE
r-devel-linux-x86_64-debian-gcc 2.5 16.22 55.34 71.56 ERROR
r-devel-linux-x86_64-fedora-clang 2.5 154.64 NOTE
r-devel-linux-x86_64-fedora-gcc 2.5 154.16 NOTE
r-devel-windows-x86_64 2.5 49.00 111.00 160.00 NOTE
r-patched-linux-x86_64 2.5 23.91 96.42 120.33 NOTE
r-release-linux-x86_64 2.5 20.31 98.24 118.55 NOTE
r-release-macos-arm64 2.5 58.00 NOTE
r-release-macos-x86_64 2.5 82.00 NOTE
r-release-windows-x86_64 2.5 53.00 111.00 164.00 NOTE
r-oldrel-macos-arm64 2.5 61.00 NOTE
r-oldrel-macos-x86_64 2.5 130.00 NOTE
r-oldrel-windows-x86_64 2.5 58.00 121.00 179.00 NOTE

Check Details

Version: 2.5
Check: for GNU extensions in Makefiles
Result: NOTE GNU make is a SystemRequirements. Flavors: r-devel-linux-x86_64-debian-clang, r-devel-linux-x86_64-debian-gcc, r-devel-linux-x86_64-fedora-clang, r-devel-linux-x86_64-fedora-gcc, r-devel-windows-x86_64, r-patched-linux-x86_64, r-release-linux-x86_64, r-release-macos-arm64, r-release-macos-x86_64, r-release-windows-x86_64, r-oldrel-macos-arm64, r-oldrel-macos-x86_64, r-oldrel-windows-x86_64

Version: 2.5
Check: package dependencies
Result: NOTE Package suggested but not available for checking: ‘testthat’ Flavor: r-devel-linux-x86_64-debian-gcc

Version: 2.5
Check: tests
Result: ERROR Running ‘eafplot.R’ [1s/1s] Running ‘spelling.R’ [0s/0s] Running ‘testthat.R’ [0s/1s] Running the tests in ‘tests/testthat.R’ failed. Complete output: > library(testthat) Error in library(testthat) : there is no package called 'testthat' Execution halted Flavor: r-devel-linux-x86_64-debian-gcc

Version: 2.5
Check: installed package size
Result: NOTE installed size is 6.0Mb sub-directories of 1Mb or more: bin 3.0Mb extdata 1.7Mb Flavors: r-devel-windows-x86_64, r-release-windows-x86_64, r-oldrel-windows-x86_64

Version: 2.5
Check: compiled code
Result: NOTE File ‘eaf/libs/eaf.so’: Found ‘___stderrp’, possibly from ‘stderr’ (C) Objects: ‘eaf/io.o’, ‘mo-tools/hv.o’ Found ‘___stdoutp’, possibly from ‘stdout’ (C) Object: ‘eaf/io.o’ Compiled code should not call entry points which might terminate R nor write to stdout/stderr instead of to the console, nor use Fortran I/O nor system RNGs nor [v]sprintf. See ‘Writing portable packages’ in the ‘Writing R Extensions’ manual. Flavors: r-release-macos-arm64, r-release-macos-x86_64, r-oldrel-macos-arm64, r-oldrel-macos-x86_64