Last updated on 2023-12-07 04:56:21 CET.
Flavor | Version | Tinstall | Tcheck | Ttotal | Status | Flags |
---|---|---|---|---|---|---|
r-devel-linux-x86_64-debian-clang | 0.1.16-105 | 43.95 | 260.66 | 304.61 | OK | |
r-devel-linux-x86_64-debian-gcc | 0.1.16-105 | 31.05 | 194.33 | 225.38 | OK | |
r-devel-linux-x86_64-fedora-clang | 0.1.16-105 | 376.16 | NOTE | |||
r-devel-linux-x86_64-fedora-gcc | 0.1.16-105 | 368.66 | OK | |||
r-devel-windows-x86_64 | 0.1.16-105 | 58.00 | 239.00 | 297.00 | NOTE | |
r-patched-linux-x86_64 | 0.1.16-105 | 46.92 | 247.50 | 294.42 | OK | |
r-release-linux-x86_64 | 0.1.16-105 | 32.68 | 245.03 | 277.71 | OK | |
r-release-macos-arm64 | 0.1.16-105 | 98.00 | NOTE | |||
r-release-macos-x86_64 | 0.1.16-105 | 184.00 | NOTE | |||
r-release-windows-x86_64 | 0.1.16-105 | 72.00 | 271.00 | 343.00 | NOTE | |
r-oldrel-macos-arm64 | 0.1.16-105 | 96.00 | NOTE | |||
r-oldrel-macos-x86_64 | 0.1.16-91 | 123.00 | NOTE | |||
r-oldrel-windows-x86_64 | 0.1.16-105 | 58.00 | 263.00 | 321.00 | NOTE |
Version: 0.1.16-105
Check: installed package size
Result: NOTE
installed size is 5.3Mb
sub-directories of 1Mb or more:
data 2.5Mb
doc 1.4Mb
Flavors: r-devel-linux-x86_64-fedora-clang, r-devel-windows-x86_64, r-release-macos-arm64, r-release-macos-x86_64, r-release-windows-x86_64, r-oldrel-macos-arm64, r-oldrel-windows-x86_64
Version: 0.1.16-91
Check: installed package size
Result: NOTE
installed size is 8.2Mb
sub-directories of 1Mb or more:
data 2.5Mb
doc 1.5Mb
libs 3.2Mb
Flavor: r-oldrel-macos-x86_64