CRAN Package Check Results for Package dynr

Last updated on 2024-07-19 05:57:32 CEST.

Flavor Version Tinstall Tcheck Ttotal Status Flags
r-devel-linux-x86_64-debian-clang 0.1.16-105 39.26 230.29 269.55 OK
r-devel-linux-x86_64-debian-gcc 0.1.16-105 31.14 173.62 204.76 OK
r-devel-linux-x86_64-fedora-clang 0.1.16-105 378.52 NOTE
r-devel-linux-x86_64-fedora-gcc 0.1.16-105 341.25 OK
r-devel-windows-x86_64 0.1.16-105 63.00 232.00 295.00 NOTE
r-patched-linux-x86_64 0.1.16-105 48.92 246.78 295.70 OK
r-release-linux-x86_64 0.1.16-105 32.92 252.93 285.85 OK
r-release-macos-arm64 0.1.16-105 129.00 NOTE
r-release-macos-x86_64 0.1.16-105 180.00 NOTE
r-release-windows-x86_64 0.1.16-105 58.00 234.00 292.00 NOTE
r-oldrel-macos-arm64 0.1.16-105 98.00 NOTE
r-oldrel-macos-x86_64 0.1.16-105 184.00 NOTE
r-oldrel-windows-x86_64 0.1.16-105 75.00 263.00 338.00 NOTE

Check Details

Version: 0.1.16-105
Check: installed package size
Result: NOTE installed size is 5.3Mb sub-directories of 1Mb or more: data 2.5Mb doc 1.4Mb Flavors: r-devel-linux-x86_64-fedora-clang, r-devel-windows-x86_64, r-release-macos-arm64, r-release-macos-x86_64, r-release-windows-x86_64, r-oldrel-macos-arm64, r-oldrel-macos-x86_64, r-oldrel-windows-x86_64

Version: 0.1.16-105
Check: Rd cross-references
Result: NOTE Found the following Rd file(s) with Rd \link{} targets missing package anchors: dynr.cook.Rd: autoplot Please provide package anchors for all Rd \link{} targets not in the package itself and the base packages. Flavor: r-devel-windows-x86_64