CRAN Package Check Results for Package dynaSpec

Last updated on 2024-02-25 04:51:04 CET.

Flavor Version Tinstall Tcheck Ttotal Status Flags
r-devel-linux-x86_64-debian-clang 1.0.1 3.67 30.08 33.75 OK
r-devel-linux-x86_64-debian-gcc 1.0.1 3.27 23.58 26.85 OK
r-devel-linux-x86_64-fedora-clang 1.0.1 43.27 NOTE
r-devel-linux-x86_64-fedora-gcc 1.0.1 41.08 NOTE
r-devel-windows-x86_64 1.0.1 5.00 44.00 49.00 OK
r-patched-linux-x86_64 1.0.1 3.16 30.04 33.20 OK
r-release-linux-x86_64 1.0.1 2.86 30.51 33.37 OK
r-release-macos-arm64 1.0.1 18.00 OK
r-release-macos-x86_64 1.0.1 29.00 NOTE
r-release-windows-x86_64 1.0.1 7.00 47.00 54.00 OK
r-oldrel-macos-arm64 1.0.1 20.00 NOTE
r-oldrel-windows-x86_64 1.0.1 7.00 52.00 59.00 OK

Check Details

Version: 1.0.1
Check: dependencies in R code
Result: NOTE Namespaces in Imports field not imported from: ‘NatureSounds’ ‘av’ ‘magrittr’ ‘stats’ All declared Imports should be used. Flavors: r-devel-linux-x86_64-fedora-clang, r-devel-linux-x86_64-fedora-gcc, r-oldrel-macos-arm64

Version: 1.0.1
Check: Rd cross-references
Result: NOTE Undeclared package ‘warbleR’ in Rd xrefs Flavor: r-devel-linux-x86_64-fedora-clang

Version: 1.0.1
Check: Rd cross-references
Result: NOTE Package unavailable to check Rd xrefs: ‘warbleR’ Flavor: r-release-macos-x86_64