Last updated on 2023-12-02 04:52:12 CET.
Flavor | Version | Tinstall | Tcheck | Ttotal | Status | Flags |
---|---|---|---|---|---|---|
r-devel-linux-x86_64-debian-clang | 0.6.7 | 2.95 | 36.55 | 39.50 | OK | |
r-devel-linux-x86_64-debian-gcc | 0.6.7 | 2.41 | 28.10 | 30.51 | OK | |
r-devel-linux-x86_64-fedora-clang | 0.6.7 | 49.70 | NOTE | |||
r-devel-linux-x86_64-fedora-gcc | 0.6.7 | 58.85 | NOTE | |||
r-devel-windows-x86_64 | 0.6.7 | 4.00 | 53.00 | 57.00 | OK | |
r-patched-linux-x86_64 | 0.6.7 | 2.08 | 35.52 | 37.60 | OK | |
r-release-linux-x86_64 | 0.6.7 | 1.77 | 35.43 | 37.20 | OK | |
r-release-macos-arm64 | 0.6.7 | 30.00 | OK | |||
r-release-macos-x86_64 | 0.6.7 | 41.00 | OK | |||
r-release-windows-x86_64 | 0.6.7 | 4.00 | 55.00 | 59.00 | OK | |
r-oldrel-macos-arm64 | 0.6.7 | 22.00 | NOTE | |||
r-oldrel-macos-x86_64 | 0.6.7 | 31.00 | NOTE | |||
r-oldrel-windows-x86_64 | 0.6.7 | 5.00 | 58.00 | 63.00 | OK |
Version: 0.6.7
Check: dependencies in R code
Result: NOTE
Namespaces in Imports field not imported from:
‘digest’ ‘dplyr’
All declared Imports should be used.
Flavors: r-devel-linux-x86_64-fedora-clang, r-devel-linux-x86_64-fedora-gcc, r-oldrel-macos-arm64, r-oldrel-macos-x86_64