Last updated on 2023-12-04 05:09:03 CET.
Flavor | Version | Tinstall | Tcheck | Ttotal | Status | Flags |
---|---|---|---|---|---|---|
r-devel-linux-x86_64-debian-clang | 0.0.4 | 13.17 | 135.97 | 149.14 | OK | |
r-devel-linux-x86_64-debian-gcc | 0.0.4 | 10.67 | 99.83 | 110.50 | OK | |
r-devel-linux-x86_64-fedora-clang | 0.0.4 | 186.73 | NOTE | |||
r-devel-linux-x86_64-fedora-gcc | 0.0.4 | 183.78 | OK | |||
r-devel-windows-x86_64 | 0.0.4 | 12.00 | 120.00 | 132.00 | OK | |
r-patched-linux-x86_64 | 0.0.4 | 11.82 | 127.23 | 139.05 | OK | |
r-release-linux-x86_64 | 0.0.4 | 11.58 | 126.14 | 137.72 | OK | |
r-release-macos-arm64 | 0.0.4 | 62.00 | OK | |||
r-release-macos-x86_64 | 0.0.4 | 105.00 | OK | |||
r-release-windows-x86_64 | 0.0.4 | 16.00 | 140.00 | 156.00 | OK | |
r-oldrel-macos-arm64 | 0.0.4 | 47.00 | OK | |||
r-oldrel-macos-x86_64 | 0.0.4 | 106.00 | OK | |||
r-oldrel-windows-x86_64 | 0.0.4 | 18.00 | 140.00 | 158.00 | OK |
Version: 0.0.4
Check: Rd cross-references
Result: NOTE
Undeclared package ‘data.table’ in Rd xrefs
Flavor: r-devel-linux-x86_64-fedora-clang