CRAN Package Check Results for Package drimmR

Last updated on 2024-03-03 04:48:34 CET.

Flavor Version Tinstall Tcheck Ttotal Status Flags
r-devel-linux-x86_64-debian-clang 1.0.1 8.80 90.98 99.78 NOTE
r-devel-linux-x86_64-debian-gcc 1.0.1 6.68 68.52 75.20 NOTE
r-devel-linux-x86_64-fedora-clang 1.0.1 130.24 NOTE
r-devel-linux-x86_64-fedora-gcc 1.0.1 116.50 NOTE
r-devel-windows-x86_64 1.0.1 11.00 131.00 142.00 NOTE
r-patched-linux-x86_64 1.0.1 6.75 88.28 95.03 NOTE
r-release-linux-x86_64 1.0.1 6.29 86.11 92.40 NOTE
r-release-macos-arm64 1.0.1 58.00 NOTE
r-release-macos-x86_64 1.0.1 116.00 NOTE
r-release-windows-x86_64 1.0.1 14.00 168.00 182.00 NOTE
r-oldrel-macos-arm64 1.0.1 76.00 OK
r-oldrel-windows-x86_64 1.0.1 14.00 167.00 181.00 OK

Check Details

Version: 1.0.1
Check: package subdirectories
Result: NOTE Problems with news in ‘NEWS.md’: No news entries found. Flavors: r-devel-linux-x86_64-debian-clang, r-devel-linux-x86_64-debian-gcc, r-devel-linux-x86_64-fedora-clang, r-devel-linux-x86_64-fedora-gcc, r-devel-windows-x86_64, r-patched-linux-x86_64, r-release-linux-x86_64, r-release-macos-arm64, r-release-macos-x86_64, r-release-windows-x86_64