CRAN Package Check Results for Package drifter

Last updated on 2023-12-09 04:50:49 CET.

Flavor Version Tinstall Tcheck Ttotal Status Flags
r-devel-linux-x86_64-debian-clang 0.2.1 6.37 93.88 100.25 NOTE
r-devel-linux-x86_64-debian-gcc 0.2.1 5.08 71.50 76.58 NOTE
r-devel-linux-x86_64-fedora-clang 0.2.1 121.05 NOTE
r-devel-linux-x86_64-fedora-gcc 0.2.1 123.29 NOTE
r-devel-windows-x86_64 0.2.1 6.00 76.00 82.00 NOTE
r-patched-linux-x86_64 0.2.1 4.41 89.78 94.19 NOTE
r-release-linux-x86_64 0.2.1 5.75 89.11 94.86 NOTE
r-release-macos-arm64 0.2.1 35.00 NOTE
r-release-macos-x86_64 0.2.1 51.00 NOTE
r-release-windows-x86_64 0.2.1 7.00 80.00 87.00 NOTE
r-oldrel-macos-arm64 0.2.1 33.00 NOTE
r-oldrel-macos-x86_64 0.2.1 76.00 NOTE
r-oldrel-windows-x86_64 0.2.1 8.00 86.00 94.00 NOTE

Check Details

Version: 0.2.1
Check: LazyData
Result: NOTE 'LazyData' is specified without a 'data' directory Flavors: r-devel-linux-x86_64-debian-clang, r-devel-linux-x86_64-debian-gcc, r-devel-linux-x86_64-fedora-clang, r-devel-linux-x86_64-fedora-gcc, r-devel-windows-x86_64, r-patched-linux-x86_64, r-release-linux-x86_64, r-release-macos-arm64, r-release-macos-x86_64, r-release-windows-x86_64, r-oldrel-macos-arm64, r-oldrel-macos-x86_64, r-oldrel-windows-x86_64