Last updated on 2023-11-30 04:52:49 CET.
Flavor | Version | Tinstall | Tcheck | Ttotal | Status | Flags |
---|---|---|---|---|---|---|
r-devel-linux-x86_64-debian-clang | 3.1.0 | 8.65 | 493.26 | 501.91 | NOTE | |
r-devel-linux-x86_64-debian-gcc | 3.1.0 | 8.48 | 362.25 | 370.73 | NOTE | |
r-devel-linux-x86_64-fedora-clang | 3.1.0 | 621.32 | OK | |||
r-devel-linux-x86_64-fedora-gcc | 3.1.0 | 586.83 | OK | |||
r-devel-windows-x86_64 | 3.1.0 | 11.00 | 371.00 | 382.00 | OK | |
r-patched-linux-x86_64 | 3.1.0 | 6.99 | 460.87 | 467.86 | OK | |
r-release-linux-x86_64 | 3.1.0 | 6.87 | 459.87 | 466.74 | OK | |
r-release-macos-arm64 | 3.1.0 | 175.00 | OK | |||
r-release-macos-x86_64 | 3.1.0 | 308.00 | OK | |||
r-release-windows-x86_64 | 3.1.0 | 14.00 | 481.00 | 495.00 | OK | |
r-oldrel-macos-arm64 | 3.1.0 | 154.00 | OK | |||
r-oldrel-macos-x86_64 | 3.1.0 | 190.00 | OK | |||
r-oldrel-windows-x86_64 | 3.1.0 | 13.00 | 488.00 | 501.00 | OK |
Version: 3.1.0
Check: Rd files
Result: NOTE
checkRd: (-1) dreamerplot.Rd:53: Lost braces; missing escapes or markup?
53 | a dose returns the plot of pr(trt_dose - trt_{reference_dose} | data).}
| ^
checkRd: (-1) posterior.Rd:70: Lost braces; missing escapes or markup?
70 | a dose returns the plot of pr(trt_dose - trt_{reference_dose} | data).}
| ^
Flavors: r-devel-linux-x86_64-debian-clang, r-devel-linux-x86_64-debian-gcc