CRAN Package Check Results for Package dreamer

Last updated on 2024-07-19 05:57:32 CEST.

Flavor Version Tinstall Tcheck Ttotal Status Flags
r-devel-linux-x86_64-debian-clang 3.1.0 9.77 496.24 506.01 NOTE
r-devel-linux-x86_64-debian-gcc 3.1.0 8.36 347.38 355.74 NOTE
r-devel-linux-x86_64-fedora-clang 3.1.0 592.74 NOTE
r-devel-linux-x86_64-fedora-gcc 3.1.0 570.78 NOTE
r-devel-windows-x86_64 3.1.0 13.00 361.00 374.00 NOTE
r-patched-linux-x86_64 3.1.0 8.81 458.77 467.58 NOTE
r-release-linux-x86_64 3.1.0 6.81 468.28 475.09 NOTE
r-release-macos-arm64 3.1.0 157.00 NOTE
r-release-macos-x86_64 3.1.0 264.00 NOTE
r-release-windows-x86_64 3.1.0 11.00 359.00 370.00 NOTE
r-oldrel-macos-arm64 3.1.0 175.00 OK
r-oldrel-macos-x86_64 3.1.0 308.00 OK
r-oldrel-windows-x86_64 3.1.0 12.00 452.00 464.00 OK

Check Details

Version: 3.1.0
Check: Rd files
Result: NOTE checkRd: (-1) dreamerplot.Rd:53: Lost braces; missing escapes or markup? 53 | a dose returns the plot of pr(trt_dose - trt_{reference_dose} | data).} | ^ checkRd: (-1) posterior.Rd:70: Lost braces; missing escapes or markup? 70 | a dose returns the plot of pr(trt_dose - trt_{reference_dose} | data).} | ^ Flavors: r-devel-linux-x86_64-debian-clang, r-devel-linux-x86_64-debian-gcc, r-devel-linux-x86_64-fedora-clang, r-devel-linux-x86_64-fedora-gcc, r-devel-windows-x86_64, r-patched-linux-x86_64, r-release-linux-x86_64, r-release-macos-arm64, r-release-macos-x86_64, r-release-windows-x86_64