CRAN Package Check Results for Package dpseg

Last updated on 2024-03-02 04:48:20 CET.

Flavor Version Tinstall Tcheck Ttotal Status Flags
r-devel-linux-x86_64-debian-clang 0.1.1 24.74 45.66 70.40 OK
r-devel-linux-x86_64-debian-gcc 0.1.1 21.44 35.38 56.82 OK
r-devel-linux-x86_64-fedora-clang 0.1.1 100.78 NOTE
r-devel-linux-x86_64-fedora-gcc 0.1.1 118.22 OK
r-devel-windows-x86_64 0.1.1 21.00 79.00 100.00 OK
r-patched-linux-x86_64 0.1.1 24.99 45.23 70.22 OK
r-release-linux-x86_64 0.1.1 26.77 44.33 71.10 OK
r-release-macos-arm64 0.1.1 42.00 OK
r-release-macos-x86_64 0.1.1 73.00 OK
r-release-windows-x86_64 0.1.1 22.00 92.00 114.00 OK
r-oldrel-macos-arm64 0.1.1 35.00 OK
r-oldrel-windows-x86_64 0.1.1 27.00 87.00 114.00 OK

Check Details

Version: 0.1.1
Check: Rd cross-references
Result: NOTE Undeclared package ‘RcppEigen’ in Rd xrefs Flavor: r-devel-linux-x86_64-fedora-clang