CRAN Package Check Results for Package dotwhisker

Last updated on 2023-11-30 04:52:49 CET.

Flavor Version Tinstall Tcheck Ttotal Status Flags
r-devel-linux-x86_64-debian-clang 0.7.4 6.80 155.48 162.28 NOTE
r-devel-linux-x86_64-debian-gcc 0.7.4 6.45 115.71 122.16 NOTE
r-devel-linux-x86_64-fedora-clang 0.7.4 199.45 NOTE
r-devel-linux-x86_64-fedora-gcc 0.7.4 214.22 NOTE
r-devel-windows-x86_64 0.7.4 10.00 117.00 127.00 NOTE
r-patched-linux-x86_64 0.7.4 11.21 145.62 156.83 NOTE
r-release-linux-x86_64 0.7.4 7.11 147.29 154.40 NOTE
r-release-macos-arm64 0.7.4 69.00 NOTE
r-release-macos-x86_64 0.7.4 115.00 NOTE
r-release-windows-x86_64 0.7.4 14.00 149.00 163.00 NOTE
r-oldrel-macos-arm64 0.7.4 55.00 OK
r-oldrel-macos-x86_64 0.7.4 112.00 OK
r-oldrel-windows-x86_64 0.7.4 14.00 154.00 168.00 NOTE

Check Details

Version: 0.7.4
Check: Rd cross-references
Result: NOTE Unknown package ‘broomExtra’ in Rd xrefs Flavors: r-devel-linux-x86_64-debian-clang, r-devel-linux-x86_64-debian-gcc, r-devel-linux-x86_64-fedora-gcc, r-devel-windows-x86_64, r-patched-linux-x86_64, r-release-linux-x86_64, r-release-macos-arm64, r-release-macos-x86_64, r-release-windows-x86_64, r-oldrel-windows-x86_64

Version: 0.7.4
Check: Rd cross-references
Result: NOTE Undeclared package ‘broomExtra’ in Rd xrefs Unknown package ‘broomExtra’ in Rd xrefs Flavor: r-devel-linux-x86_64-fedora-clang