CRAN Package Check Results for Package docxtractr

Last updated on 2024-03-01 04:51:40 CET.

Flavor Version Tinstall Tcheck Ttotal Status Flags
r-devel-linux-x86_64-debian-clang 0.6.5 4.95 45.85 50.80 NOTE
r-devel-linux-x86_64-debian-gcc 0.6.5 3.78 35.29 39.07 NOTE
r-devel-linux-x86_64-fedora-clang 0.6.5 66.67 NOTE
r-devel-linux-x86_64-fedora-gcc 0.6.5 60.71 NOTE
r-devel-windows-x86_64 0.6.5 6.00 57.00 63.00 NOTE
r-patched-linux-x86_64 0.6.5 5.56 45.24 50.80 NOTE
r-release-linux-x86_64 0.6.5 4.25 44.07 48.32 NOTE
r-release-macos-arm64 0.6.5 27.00 NOTE
r-release-macos-x86_64 0.6.5 33.00 NOTE
r-release-windows-x86_64 0.6.5 8.00 60.00 68.00 NOTE
r-oldrel-macos-arm64 0.6.5 33.00 NOTE
r-oldrel-windows-x86_64 0.6.5 8.00 65.00 73.00 NOTE

Check Details

Version: 0.6.5
Check: LazyData
Result: NOTE 'LazyData' is specified without a 'data' directory Flavors: r-devel-linux-x86_64-debian-clang, r-devel-linux-x86_64-debian-gcc, r-devel-linux-x86_64-fedora-clang, r-devel-linux-x86_64-fedora-gcc, r-devel-windows-x86_64, r-patched-linux-x86_64, r-release-linux-x86_64, r-release-macos-arm64, r-release-macos-x86_64, r-release-windows-x86_64, r-oldrel-macos-arm64, r-oldrel-windows-x86_64