Last updated on 2023-12-08 05:02:02 CET.
Flavor | Version | Tinstall | Tcheck | Ttotal | Status | Flags |
---|---|---|---|---|---|---|
r-devel-linux-x86_64-debian-clang | 0.0.3 | 2.33 | 26.85 | 29.18 | NOTE | |
r-devel-linux-x86_64-debian-gcc | 0.0.3 | 1.83 | 21.29 | 23.12 | NOTE | |
r-devel-linux-x86_64-fedora-clang | 0.0.3 | 37.45 | NOTE | |||
r-devel-linux-x86_64-fedora-gcc | 0.0.3 | 34.91 | NOTE | |||
r-devel-windows-x86_64 | 0.0.3 | 3.00 | 44.00 | 47.00 | NOTE | |
r-patched-linux-x86_64 | 0.0.3 | 2.43 | 26.98 | 29.41 | NOTE | |
r-release-linux-x86_64 | 0.0.3 | 2.37 | 26.17 | 28.54 | NOTE | |
r-release-macos-arm64 | 0.0.3 | 17.00 | NOTE | |||
r-release-macos-x86_64 | 0.0.3 | 23.00 | NOTE | |||
r-release-windows-x86_64 | 0.0.3 | 4.00 | 43.00 | 47.00 | NOTE | |
r-oldrel-macos-arm64 | 0.0.3 | 16.00 | NOTE | |||
r-oldrel-macos-x86_64 | 0.0.3 | 24.00 | NOTE | |||
r-oldrel-windows-x86_64 | 0.0.3 | 4.00 | 50.00 | 54.00 | NOTE |
Version: 0.0.3
Check: LazyData
Result: NOTE
'LazyData' is specified without a 'data' directory
Flavors: r-devel-linux-x86_64-debian-clang, r-devel-linux-x86_64-debian-gcc, r-devel-linux-x86_64-fedora-clang, r-devel-linux-x86_64-fedora-gcc, r-devel-windows-x86_64, r-patched-linux-x86_64, r-release-linux-x86_64, r-release-macos-arm64, r-release-macos-x86_64, r-release-windows-x86_64, r-oldrel-macos-arm64, r-oldrel-macos-x86_64, r-oldrel-windows-x86_64