Last updated on 2023-12-01 04:53:53 CET.
Flavor | Version | Tinstall | Tcheck | Ttotal | Status | Flags |
---|---|---|---|---|---|---|
r-devel-linux-x86_64-debian-clang | 1.8.6 | 2.60 | 54.79 | 57.39 | OK | |
r-devel-linux-x86_64-debian-gcc | 1.8.6 | 1.87 | 42.58 | 44.45 | OK | |
r-devel-linux-x86_64-fedora-clang | 1.8.6 | 70.13 | OK | |||
r-devel-linux-x86_64-fedora-gcc | 1.8.6 | 79.06 | OK | |||
r-devel-windows-x86_64 | 1.8.6 | 3.00 | 98.00 | 101.00 | OK | |
r-patched-linux-x86_64 | 1.8.6 | 3.60 | 52.92 | 56.52 | OK | |
r-release-linux-x86_64 | 1.8.6 | 2.39 | 52.13 | 54.52 | OK | |
r-release-macos-arm64 | 1.8.6 | 89.00 | NOTE | |||
r-release-macos-x86_64 | 1.8.6 | 145.00 | NOTE | |||
r-release-windows-x86_64 | 1.8.6 | 5.00 | 98.00 | 103.00 | OK | |
r-oldrel-macos-arm64 | 1.8.6 | 84.00 | NOTE | |||
r-oldrel-macos-x86_64 | 1.8.6 | 118.00 | NOTE | |||
r-oldrel-windows-x86_64 | 1.8.6 | 4.00 | 102.00 | 106.00 | OK |
Version: 1.8.6
Check: package dependencies
Result: NOTE
Package suggested but not available for checking: ‘doMPI’
Flavors: r-release-macos-arm64, r-release-macos-x86_64, r-oldrel-macos-arm64, r-oldrel-macos-x86_64
Version: 1.8.6
Check: Rd cross-references
Result: NOTE
Package unavailable to check Rd xrefs: ‘doMPI’
Flavors: r-release-macos-arm64, r-release-macos-x86_64, r-oldrel-macos-arm64, r-oldrel-macos-x86_64