Last updated on 2023-12-07 04:56:20 CET.
Flavor | Version | Tinstall | Tcheck | Ttotal | Status | Flags |
---|---|---|---|---|---|---|
r-devel-linux-x86_64-debian-clang | 0.2.1 | 14.71 | 206.58 | 221.29 | NOTE | |
r-devel-linux-x86_64-debian-gcc | 0.2.1 | 9.55 | 156.94 | 166.49 | NOTE | |
r-devel-linux-x86_64-fedora-clang | 0.2.1 | 264.99 | OK | |||
r-devel-linux-x86_64-fedora-gcc | 0.2.1 | 265.32 | OK | |||
r-devel-windows-x86_64 | 0.2.1 | 14.00 | 200.00 | 214.00 | OK | |
r-patched-linux-x86_64 | 0.2.1 | 20.90 | 196.74 | 217.64 | OK | |
r-release-linux-x86_64 | 0.2.1 | 12.86 | 192.19 | 205.05 | OK | |
r-release-macos-arm64 | 0.2.1 | 86.00 | OK | |||
r-release-macos-x86_64 | 0.2.1 | 127.00 | OK | |||
r-release-windows-x86_64 | 0.2.1 | 18.00 | 233.00 | 251.00 | OK | |
r-oldrel-macos-arm64 | 0.2.1 | 66.00 | OK | |||
r-oldrel-macos-x86_64 | 0.2.1 | 84.00 | OK | |||
r-oldrel-windows-x86_64 | 0.2.1 | 19.00 | 198.00 | 217.00 | OK |
Version: 0.2.1
Check: Rd files
Result: NOTE
checkRd: (-1) Exponential.Rd:31: Lost braces
31 | \strong{Support}: {x in [0, \eqn{\infty})}
| ^
Flavors: r-devel-linux-x86_64-debian-clang, r-devel-linux-x86_64-debian-gcc