Last updated on 2023-12-07 04:56:20 CET.
Flavor | Version | Tinstall | Tcheck | Ttotal | Status | Flags |
---|---|---|---|---|---|---|
r-devel-linux-x86_64-debian-clang | 0.8.3 | 33.72 | 147.82 | 181.54 | NOTE | |
r-devel-linux-x86_64-debian-gcc | 0.8.3 | 22.78 | 108.49 | 131.27 | NOTE | |
r-devel-linux-x86_64-fedora-clang | 0.8.3 | 228.02 | OK | |||
r-devel-linux-x86_64-fedora-gcc | 0.8.3 | 216.12 | OK | |||
r-devel-windows-x86_64 | 0.8.3 | 30.00 | 157.00 | 187.00 | OK | |
r-patched-linux-x86_64 | 0.8.3 | 24.89 | 135.97 | 160.86 | OK | |
r-release-linux-x86_64 | 0.8.3 | 28.81 | 136.66 | 165.47 | OK | |
r-release-macos-arm64 | 0.8.3 | 68.00 | OK | |||
r-release-macos-x86_64 | 0.8.3 | 142.00 | OK | |||
r-release-windows-x86_64 | 0.8.3 | 39.00 | 190.00 | 229.00 | OK | |
r-oldrel-macos-arm64 | 0.8.3 | 67.00 | OK | |||
r-oldrel-macos-x86_64 | 0.8.3 | 87.00 | OK | |||
r-oldrel-windows-x86_64 | 0.8.3 | 36.00 | 178.00 | 214.00 | OK |
Version: 0.8.3
Check: Rd files
Result: NOTE
checkRd: (-1) csv_to_disk.frame.Rd:56: Lost braces; missing escapes or markup?
56 | strings, and you are encouraged to use {fasttime} to convert the strings to
| ^
checkRd: (-1) purrr_as_mapper.Rd:10: Lost braces; missing escapes or markup?
10 | \item{.f}{a normal function or purrr syntax function i.e. `~{ ...code...}`}
| ^
Flavors: r-devel-linux-x86_64-debian-clang, r-devel-linux-x86_64-debian-gcc