Last updated on 2023-12-10 04:55:55 CET.
Flavor | Version | Tinstall | Tcheck | Ttotal | Status | Flags |
---|---|---|---|---|---|---|
r-devel-linux-x86_64-debian-clang | 1.2.2 | 3.73 | 34.21 | 37.94 | NOTE | |
r-devel-linux-x86_64-debian-gcc | 1.2.2 | 2.96 | 26.78 | 29.74 | NOTE | |
r-devel-linux-x86_64-fedora-clang | 1.2.2 | 50.49 | NOTE | |||
r-devel-linux-x86_64-fedora-gcc | 1.2.2 | 91.81 | NOTE | |||
r-devel-windows-x86_64 | 1.2.2 | 4.00 | 52.00 | 56.00 | NOTE | |
r-patched-linux-x86_64 | 1.2.2 | 3.45 | 34.13 | 37.58 | NOTE | |
r-release-linux-x86_64 | 1.2.2 | 3.30 | 33.64 | 36.94 | NOTE | |
r-release-macos-arm64 | 1.2.2 | 32.00 | NOTE | |||
r-release-macos-x86_64 | 1.2.2 | 50.00 | NOTE | |||
r-release-windows-x86_64 | 1.2.2 | 5.00 | 56.00 | 61.00 | NOTE | |
r-oldrel-macos-arm64 | 1.2.2 | 27.00 | NOTE | |||
r-oldrel-macos-x86_64 | 1.2.2 | 35.00 | NOTE | |||
r-oldrel-windows-x86_64 | 1.2.2 | 5.00 | 56.00 | 61.00 | NOTE |
Version: 1.2.2
Check: Rd metadata
Result: NOTE
Invalid package aliases in Rd file 'RV.Rd':
‘RV-package’
Flavors: r-devel-linux-x86_64-debian-clang, r-devel-linux-x86_64-debian-gcc, r-devel-linux-x86_64-fedora-clang, r-devel-linux-x86_64-fedora-gcc, r-devel-windows-x86_64
Version: 1.2.2
Check: LazyData
Result: NOTE
'LazyData' is specified without a 'data' directory
Flavors: r-devel-linux-x86_64-debian-clang, r-devel-linux-x86_64-debian-gcc, r-devel-linux-x86_64-fedora-clang, r-devel-linux-x86_64-fedora-gcc, r-devel-windows-x86_64, r-patched-linux-x86_64, r-release-linux-x86_64, r-release-macos-arm64, r-release-macos-x86_64, r-release-windows-x86_64, r-oldrel-macos-arm64, r-oldrel-macos-x86_64, r-oldrel-windows-x86_64