Last updated on 2023-12-02 04:52:11 CET.
Flavor | Version | Tinstall | Tcheck | Ttotal | Status | Flags |
---|---|---|---|---|---|---|
r-devel-linux-x86_64-debian-clang | 1.0.1 | 19.06 | 172.25 | 191.31 | OK | |
r-devel-linux-x86_64-debian-gcc | 1.0.1 | 14.20 | 128.08 | 142.28 | OK | |
r-devel-linux-x86_64-fedora-clang | 1.0.1 | 237.00 | NOTE | |||
r-devel-linux-x86_64-fedora-gcc | 1.0.1 | 233.15 | OK | |||
r-devel-windows-x86_64 | 1.0.1 | 16.00 | 128.00 | 144.00 | OK | |
r-patched-linux-x86_64 | 1.0.1 | 19.68 | 169.27 | 188.95 | OK | |
r-release-linux-x86_64 | 1.0.1 | 11.22 | 165.84 | 177.06 | OK | |
r-release-macos-arm64 | 1.0.1 | 77.00 | OK | |||
r-release-macos-x86_64 | 1.0.1 | 129.00 | OK | |||
r-release-windows-x86_64 | 1.0.1 | 22.00 | 162.00 | 184.00 | OK | |
r-oldrel-macos-arm64 | 1.0.1 | 59.00 | OK | |||
r-oldrel-macos-x86_64 | 1.0.1 | 102.00 | OK | |||
r-oldrel-windows-x86_64 | 1.0.1 | 21.00 | 165.00 | 186.00 | OK |
Version: 1.0.1
Check: Rd cross-references
Result: NOTE
Undeclared packages ‘gamlss’, ‘flexsurv’ in Rd xrefs
Flavor: r-devel-linux-x86_64-fedora-clang