CRAN Package Check Results for Package diffpriv

Last updated on 2023-10-02 05:57:55 CEST.

Flavor Version Tinstall Tcheck Ttotal Status Flags
r-devel-linux-x86_64-debian-clang 0.4.2 4.16 71.96 76.12 NOTE
r-devel-linux-x86_64-debian-gcc 0.4.2 3.77 54.49 58.26 NOTE
r-devel-linux-x86_64-fedora-clang 0.4.2 93.53 NOTE
r-devel-linux-x86_64-fedora-gcc 0.4.2 105.53 NOTE
r-devel-windows-x86_64 0.4.2 4.00 115.00 119.00 NOTE
r-patched-linux-x86_64 0.4.2 5.73 68.69 74.42 NOTE
r-release-linux-x86_64 0.4.2 5.18 70.98 76.16 NOTE
r-release-macos-arm64 0.4.2 40.00 NOTE
r-release-macos-x86_64 0.4.2 64.00 NOTE
r-release-windows-x86_64 0.4.2 6.00 110.00 116.00 NOTE
r-oldrel-macos-arm64 0.4.2 33.00 NOTE
r-oldrel-macos-x86_64 0.4.2 46.00 NOTE
r-oldrel-windows-x86_64 0.4.2 10.00 108.00 118.00 NOTE

Check Details

Version: 0.4.2
Check: LazyData
Result: NOTE
     'LazyData' is specified without a 'data' directory
Flavors: r-devel-linux-x86_64-debian-clang, r-devel-linux-x86_64-debian-gcc, r-devel-linux-x86_64-fedora-clang, r-devel-linux-x86_64-fedora-gcc, r-devel-windows-x86_64, r-patched-linux-x86_64, r-release-linux-x86_64, r-release-macos-arm64, r-release-macos-x86_64, r-release-windows-x86_64, r-oldrel-macos-arm64, r-oldrel-macos-x86_64, r-oldrel-windows-x86_64