CRAN Package Check Results for Package diffdf

Last updated on 2024-06-14 05:58:20 CEST.

Flavor Version Tinstall Tcheck Ttotal Status Flags
r-devel-linux-x86_64-debian-clang 1.0.4 5.16 70.17 75.33 NOTE
r-devel-linux-x86_64-debian-gcc 1.0.4 0.41 1.84 2.25 ERROR
r-devel-linux-x86_64-fedora-clang 1.0.4 93.04 NOTE
r-devel-linux-x86_64-fedora-gcc 1.0.4 100.56 NOTE
r-devel-windows-x86_64 1.0.4 5.00 73.00 78.00 NOTE
r-patched-linux-x86_64 1.0.4 3.83 67.26 71.09 NOTE
r-release-linux-x86_64 1.0.4 4.89 67.98 72.87 NOTE
r-release-macos-arm64 1.0.4 34.00 NOTE
r-release-macos-x86_64 1.0.4 61.00 NOTE
r-release-windows-x86_64 1.0.4 6.00 74.00 80.00 NOTE
r-oldrel-macos-arm64 1.0.4 35.00 NOTE
r-oldrel-macos-x86_64 1.0.4 58.00 NOTE
r-oldrel-windows-x86_64 1.0.4 7.00 82.00 89.00 NOTE

Check Details

Version: 1.0.4
Check: LazyData
Result: NOTE 'LazyData' is specified without a 'data' directory Flavors: r-devel-linux-x86_64-debian-clang, r-devel-linux-x86_64-fedora-clang, r-devel-linux-x86_64-fedora-gcc, r-devel-windows-x86_64, r-patched-linux-x86_64, r-release-linux-x86_64, r-release-macos-arm64, r-release-macos-x86_64, r-release-windows-x86_64, r-oldrel-macos-arm64, r-oldrel-macos-x86_64, r-oldrel-windows-x86_64

Version: 1.0.4
Check: package dependencies
Result: ERROR Package required but not available: ‘tibble’ Packages suggested but not available for checking: 'testthat', 'lubridate', 'purrr', 'dplyr', 'stringr', 'devtools' See section ‘The DESCRIPTION file’ in the ‘Writing R Extensions’ manual. Flavor: r-devel-linux-x86_64-debian-gcc