CRAN Package Check Results for Package didimputation

Last updated on 2023-12-04 05:09:02 CET.

Flavor Version Tinstall Tcheck Ttotal Status Flags
r-devel-linux-x86_64-debian-clang 0.3.0 41.98 58.56 100.54 NOTE
r-devel-linux-x86_64-debian-gcc 0.3.0 28.50 43.92 72.42 NOTE
r-devel-linux-x86_64-fedora-clang 0.3.0 137.57 NOTE
r-devel-linux-x86_64-fedora-gcc 0.3.0 134.95 NOTE
r-devel-windows-x86_64 0.3.0 33.00 85.00 118.00 NOTE
r-patched-linux-x86_64 0.3.0 27.42 56.28 83.70 NOTE
r-release-linux-x86_64 0.3.0 26.83 56.77 83.60 NOTE
r-release-macos-arm64 0.3.0 45.00 NOTE
r-release-macos-x86_64 0.3.0 64.00 NOTE
r-release-windows-x86_64 0.3.0 43.00 96.00 139.00 NOTE
r-oldrel-macos-arm64 0.3.0 44.00 OK
r-oldrel-macos-x86_64 0.3.0 54.00 OK
r-oldrel-windows-x86_64 0.3.0 43.00 101.00 144.00 OK

Check Details

Version: 0.3.0
Check: C++ specification
Result: NOTE Specified C++11: please drop specification unless essential Flavors: r-devel-linux-x86_64-debian-clang, r-devel-linux-x86_64-debian-gcc, r-devel-linux-x86_64-fedora-clang, r-devel-linux-x86_64-fedora-gcc, r-devel-windows-x86_64, r-patched-linux-x86_64, r-release-linux-x86_64, r-release-macos-arm64, r-release-macos-x86_64, r-release-windows-x86_64

Version: 0.3.0
Check: Rd files
Result: NOTE checkRd: (-1) did_imputation.Rd:74: Lost braces; missing escapes or markup? 74 | form average treatment effects for groups of {it}. | ^ Flavors: r-devel-linux-x86_64-debian-clang, r-devel-linux-x86_64-debian-gcc