Last updated on 2023-12-11 04:51:02 CET.
Flavor | Version | Tinstall | Tcheck | Ttotal | Status | Flags |
---|---|---|---|---|---|---|
r-devel-linux-x86_64-debian-clang | 1.2.0 | 7.65 | 97.20 | 104.85 | NOTE | |
r-devel-linux-x86_64-debian-gcc | 1.2.0 | 5.93 | 71.54 | 77.47 | NOTE | |
r-devel-linux-x86_64-fedora-clang | 1.2.0 | 142.86 | NOTE | |||
r-devel-linux-x86_64-fedora-gcc | 1.2.0 | 164.14 | NOTE | |||
r-devel-windows-x86_64 | 1.2.0 | 9.00 | 103.00 | 112.00 | NOTE | |
r-patched-linux-x86_64 | 1.2.0 | 9.17 | 93.01 | 102.18 | OK | |
r-release-linux-x86_64 | 1.2.0 | 7.12 | 92.36 | 99.48 | OK | |
r-release-macos-arm64 | 1.2.0 | 51.00 | OK | |||
r-release-macos-x86_64 | 1.2.0 | 91.00 | OK | |||
r-release-windows-x86_64 | 1.2.0 | 11.00 | 120.00 | 131.00 | OK | |
r-oldrel-macos-arm64 | 1.2.0 | 46.00 | OK | |||
r-oldrel-macos-x86_64 | 1.2.0 | 58.00 | OK | |||
r-oldrel-windows-x86_64 | 1.2.0 | 12.00 | 110.00 | 122.00 | OK |
Version: 1.2.0
Check: Rd \usage sections
Result: NOTE
Documented arguments not in \usage in Rd file 'encode_unit.Rd':
‘original’
Functions with \usage entries need to have the appropriate \alias
entries, and all their arguments documented.
The \usage entries must correspond to syntactically valid R code.
See chapter ‘Writing R documentation files’ in the ‘Writing R
Extensions’ manual.
Flavors: r-devel-linux-x86_64-debian-clang, r-devel-linux-x86_64-debian-gcc, r-devel-linux-x86_64-fedora-clang, r-devel-linux-x86_64-fedora-gcc, r-devel-windows-x86_64