CRAN Package Check Results for Package dials

Last updated on 2024-06-14 05:58:20 CEST.

Flavor Version Tinstall Tcheck Ttotal Status Flags
r-devel-linux-x86_64-debian-clang 1.2.1 10.27 95.38 105.65 OK
r-devel-linux-x86_64-debian-gcc 1.2.1 0.41 1.80 2.21 ERROR
r-devel-linux-x86_64-fedora-clang 1.2.1 139.24 NOTE
r-devel-linux-x86_64-fedora-gcc 1.2.1 136.91 OK
r-devel-windows-x86_64 1.2.1 10.00 102.00 112.00 OK
r-patched-linux-x86_64 1.2.1 12.19 92.32 104.51 OK
r-release-linux-x86_64 1.2.1 8.46 91.12 99.58 OK
r-release-macos-arm64 1.2.1 44.00 OK
r-release-macos-x86_64 1.2.1 66.00 OK
r-release-windows-x86_64 1.2.1 9.00 101.00 110.00 OK
r-oldrel-macos-arm64 1.2.1 48.00 OK
r-oldrel-macos-x86_64 1.2.1 94.00 OK
r-oldrel-windows-x86_64 1.2.1 12.00 115.00 127.00 OK

Check Details

Version: 1.2.1
Check: package dependencies
Result: ERROR Packages required but not available: 'dplyr', 'hardhat', 'pillar', 'purrr', 'tibble', 'vctrs' Package suggested but not available for checking: ‘testthat’ See section ‘The DESCRIPTION file’ in the ‘Writing R Extensions’ manual. Flavor: r-devel-linux-x86_64-debian-gcc

Version: 1.2.1
Check: Rd cross-references
Result: NOTE Undeclared packages ‘uwot’, ‘embed’ in Rd xrefs Flavor: r-devel-linux-x86_64-fedora-clang