CRAN Package Check Results for Package dfped

Last updated on 2024-02-21 04:55:37 CET.

Flavor Version Tinstall Tcheck Ttotal Status Flags
r-devel-linux-x86_64-debian-clang 1.1 NOTE
r-devel-linux-x86_64-debian-gcc 1.1 22.75 101.15 123.90 NOTE
r-devel-linux-x86_64-fedora-clang 1.1 207.86 NOTE
r-devel-linux-x86_64-fedora-gcc 1.1 193.83 NOTE
r-devel-windows-x86_64 1.1 16.00 113.00 129.00 NOTE
r-patched-linux-x86_64 1.1 19.17 134.81 153.98 NOTE
r-release-linux-x86_64 1.1 24.79 133.44 158.23 NOTE
r-release-macos-arm64 1.1 40.00 NOTE
r-release-macos-x86_64 1.1 70.00 NOTE
r-release-windows-x86_64 1.1 21.00 130.00 151.00 NOTE
r-oldrel-macos-arm64 1.1 41.00 NOTE
r-oldrel-windows-x86_64 1.1 21.00 134.00 155.00 NOTE

Check Details

Version: 1.1
Check: LazyData
Result: NOTE 'LazyData' is specified without a 'data' directory Flavors: r-devel-linux-x86_64-debian-clang, r-devel-linux-x86_64-debian-gcc, r-devel-linux-x86_64-fedora-clang, r-devel-linux-x86_64-fedora-gcc, r-devel-windows-x86_64, r-patched-linux-x86_64, r-release-linux-x86_64, r-release-macos-arm64, r-release-macos-x86_64, r-release-windows-x86_64, r-oldrel-macos-arm64, r-oldrel-windows-x86_64