CRAN Package Check Results for Package dfms

Last updated on 2024-02-23 05:07:17 CET.

Flavor Version Tinstall Tcheck Ttotal Status Flags
r-devel-linux-x86_64-debian-clang 0.2.1 OK
r-devel-linux-x86_64-debian-gcc 0.2.1 63.85 92.16 156.01 OK
r-devel-linux-x86_64-fedora-clang 0.2.1 275.84 NOTE
r-devel-linux-x86_64-fedora-gcc 0.2.1 295.17 NOTE
r-devel-windows-x86_64 0.2.1 63.00 144.00 207.00 OK
r-patched-linux-x86_64 0.2.1 75.19 115.04 190.23 OK
r-release-linux-x86_64 0.2.1 77.02 116.24 193.26 OK
r-release-macos-arm64 0.2.1 82.00 NOTE
r-release-macos-x86_64 0.2.1 156.00 NOTE
r-release-windows-x86_64 0.2.1 80.00 162.00 242.00 OK
r-oldrel-macos-arm64 0.2.1 80.00 NOTE
r-oldrel-windows-x86_64 0.2.1 77.00 155.00 232.00 OK

Check Details

Version: 0.2.1
Check: dependencies in R code
Result: NOTE Namespace in Imports field not imported from: ‘Rcpp’ All declared Imports should be used. Flavors: r-devel-linux-x86_64-fedora-clang, r-devel-linux-x86_64-fedora-gcc

Version: 0.2.1
Check: installed package size
Result: NOTE installed size is 6.2Mb sub-directories of 1Mb or more: doc 1.9Mb libs 4.0Mb Flavors: r-release-macos-arm64, r-release-macos-x86_64, r-oldrel-macos-arm64