Last updated on 2023-12-08 05:02:02 CET.
Flavor | Version | Tinstall | Tcheck | Ttotal | Status | Flags |
---|---|---|---|---|---|---|
r-devel-linux-x86_64-debian-clang | 1.2.2 | 113.64 | 264.76 | 378.40 | NOTE | |
r-devel-linux-x86_64-debian-gcc | 1.2.2 | 81.05 | 178.80 | 259.85 | NOTE | |
r-devel-linux-x86_64-fedora-clang | 1.2.2 | 502.84 | NOTE | |||
r-devel-linux-x86_64-fedora-gcc | 1.2.2 | 466.76 | NOTE | |||
r-devel-windows-x86_64 | 1.2.2 | 86.00 | 225.00 | 311.00 | NOTE | |
r-patched-linux-x86_64 | 1.2.2 | 83.15 | 230.57 | 313.72 | NOTE | |
r-release-linux-x86_64 | 1.2.2 | 96.61 | 227.21 | 323.82 | NOTE | |
r-release-macos-arm64 | 1.2.2 | 136.00 | NOTE | |||
r-release-macos-x86_64 | 1.2.2 | 233.00 | NOTE | |||
r-release-windows-x86_64 | 1.2.2 | 111.00 | 269.00 | 380.00 | NOTE | |
r-oldrel-macos-arm64 | 1.2.2 | 118.00 | NOTE | |||
r-oldrel-macos-x86_64 | 1.2.2 | 150.00 | NOTE | |||
r-oldrel-windows-x86_64 | 1.2.2 | 111.00 | 251.00 | 362.00 | OK |
Version: 1.2.2
Check: C++ specification
Result: NOTE
Specified C++11: please drop specification unless essential
Flavors: r-devel-linux-x86_64-debian-clang, r-devel-linux-x86_64-debian-gcc, r-devel-linux-x86_64-fedora-clang, r-devel-linux-x86_64-fedora-gcc, r-devel-windows-x86_64, r-patched-linux-x86_64, r-release-linux-x86_64, r-release-macos-arm64, r-release-macos-x86_64, r-release-windows-x86_64
Version: 1.2.2
Check: installed package size
Result: NOTE
installed size is 9.2Mb
sub-directories of 1Mb or more:
doc 1.1Mb
libs 7.3Mb
Flavors: r-release-macos-arm64, r-release-macos-x86_64, r-oldrel-macos-arm64, r-oldrel-macos-x86_64