CRAN Package Check Results for Package detzrcr

Last updated on 2024-02-24 04:58:40 CET.

Flavor Version Tinstall Tcheck Ttotal Status Flags
r-devel-linux-x86_64-debian-clang 0.3.1 4.87 35.05 39.92 NOTE
r-devel-linux-x86_64-debian-gcc 0.3.1 2.43 26.80 29.23 NOTE
r-devel-linux-x86_64-fedora-clang 0.3.1 47.73 NOTE
r-devel-linux-x86_64-fedora-gcc 0.3.1 57.79 NOTE
r-devel-windows-x86_64 0.3.1 5.00 53.00 58.00 NOTE
r-patched-linux-x86_64 0.3.1 4.12 33.65 37.77 NOTE
r-release-linux-x86_64 0.3.1 3.96 33.68 37.64 NOTE
r-release-macos-arm64 0.3.1 27.00 NOTE
r-release-macos-x86_64 0.3.1 38.00 NOTE
r-release-windows-x86_64 0.3.1 6.00 58.00 64.00 NOTE
r-oldrel-macos-arm64 0.3.1 21.00 NOTE
r-oldrel-windows-x86_64 0.3.1 7.00 54.00 61.00 NOTE

Check Details

Version: 0.3.1
Check: LazyData
Result: NOTE 'LazyData' is specified without a 'data' directory Flavors: r-devel-linux-x86_64-debian-clang, r-devel-linux-x86_64-debian-gcc, r-devel-linux-x86_64-fedora-clang, r-devel-linux-x86_64-fedora-gcc, r-devel-windows-x86_64, r-patched-linux-x86_64, r-release-linux-x86_64, r-release-macos-arm64, r-release-macos-x86_64, r-release-windows-x86_64, r-oldrel-macos-arm64, r-oldrel-windows-x86_64

Version: 0.3.1
Check: dependencies in R code
Result: NOTE Namespaces in Imports field not imported from: ‘DT’ ‘utils’ All declared Imports should be used. Flavors: r-devel-linux-x86_64-fedora-clang, r-devel-linux-x86_64-fedora-gcc, r-oldrel-macos-arm64