Last updated on 2023-12-10 04:55:55 CET.
Flavor | Version | Tinstall | Tcheck | Ttotal | Status | Flags |
---|---|---|---|---|---|---|
r-devel-linux-x86_64-debian-clang | 0.6.15 | 129.18 | 137.27 | 266.45 | NOTE | |
r-devel-linux-x86_64-debian-gcc | 0.6.15 | 103.12 | 103.60 | 206.72 | NOTE | |
r-devel-linux-x86_64-fedora-clang | 0.6.15 | 434.38 | NOTE | |||
r-devel-linux-x86_64-fedora-gcc | 0.6.15 | 414.25 | NOTE | |||
r-devel-windows-x86_64 | 0.6.15 | 127.00 | 138.00 | 265.00 | NOTE | |
r-patched-linux-x86_64 | 0.6.15 | 100.21 | 132.24 | 232.45 | NOTE | |
r-release-linux-x86_64 | 0.6.15 | 93.88 | 129.68 | 223.56 | NOTE | |
r-release-macos-arm64 | 0.6.15 | 107.00 | NOTE | |||
r-release-macos-x86_64 | 0.6.15 | 177.00 | NOTE | |||
r-release-windows-x86_64 | 0.6.15 | 163.00 | 160.00 | 323.00 | NOTE | |
r-oldrel-macos-arm64 | 0.6.15 | 71.00 | NOTE | |||
r-oldrel-macos-x86_64 | 0.6.15 | 128.00 | NOTE | |||
r-oldrel-windows-x86_64 | 0.6.15 | 145.00 | 163.00 | 308.00 | NOTE |
Version: 0.6.15
Check: for GNU extensions in Makefiles
Result: NOTE
GNU make is a SystemRequirements.
Flavors: r-devel-linux-x86_64-debian-clang, r-devel-linux-x86_64-debian-gcc, r-devel-linux-x86_64-fedora-clang, r-devel-linux-x86_64-fedora-gcc, r-devel-windows-x86_64, r-patched-linux-x86_64, r-release-linux-x86_64, r-release-macos-arm64, r-release-macos-x86_64, r-release-windows-x86_64, r-oldrel-macos-arm64, r-oldrel-macos-x86_64, r-oldrel-windows-x86_64