CRAN Package Check Results for Package desla

Last updated on 2024-02-27 04:50:35 CET.

Flavor Version Tinstall Tcheck Ttotal Status Flags
r-devel-linux-x86_64-debian-clang 0.3.0 67.71 36.00 103.71 OK
r-devel-linux-x86_64-debian-gcc 0.3.0 43.32 27.86 71.18 OK
r-devel-linux-x86_64-fedora-clang 0.3.0 126.72 OK
r-devel-linux-x86_64-fedora-gcc 0.3.0 147.90 OK
r-devel-windows-x86_64 0.3.0 45.00 70.00 115.00 OK
r-patched-linux-x86_64 0.3.0 52.38 35.66 88.04 OK
r-release-linux-x86_64 0.3.0 58.10 35.81 93.91 OK
r-release-macos-arm64 0.3.0 35.00 NOTE
r-release-macos-x86_64 0.3.0 76.00 NOTE
r-release-windows-x86_64 0.3.0 57.00 78.00 135.00 OK
r-oldrel-macos-arm64 0.3.0 36.00 NOTE
r-oldrel-windows-x86_64 0.3.0 52.00 78.00 130.00 OK

Check Details

Version: 0.3.0
Check: installed package size
Result: NOTE installed size is 5.9Mb sub-directories of 1Mb or more: libs 5.7Mb Flavors: r-release-macos-arm64, r-release-macos-x86_64, r-oldrel-macos-arm64