Last updated on 2023-11-29 04:57:18 CET.
Flavor | Version | Tinstall | Tcheck | Ttotal | Status | Flags |
---|---|---|---|---|---|---|
r-devel-linux-x86_64-debian-clang | 0.1.13 | 11.38 | 123.31 | 134.69 | OK | |
r-devel-linux-x86_64-debian-gcc | 0.1.13 | 11.37 | 93.35 | 104.72 | OK | |
r-devel-linux-x86_64-fedora-clang | 0.1.13 | 176.80 | NOTE | |||
r-devel-linux-x86_64-fedora-gcc | 0.1.13 | 176.66 | NOTE | |||
r-devel-windows-x86_64 | 0.1.13 | 12.00 | 109.00 | 121.00 | OK | |
r-patched-linux-x86_64 | 0.1.13 | 8.47 | 119.71 | 128.18 | OK | |
r-release-linux-x86_64 | 0.1.13 | 9.39 | 117.09 | 126.48 | OK | |
r-release-macos-arm64 | 0.1.13 | 57.00 | OK | |||
r-release-macos-x86_64 | 0.1.13 | 165.00 | OK | |||
r-release-windows-x86_64 | 0.1.13 | 16.00 | 126.00 | 142.00 | OK | |
r-oldrel-macos-arm64 | 0.1.13 | 48.00 | OK | |||
r-oldrel-macos-x86_64 | 0.1.13 | 69.00 | OK | |||
r-oldrel-windows-x86_64 | 0.1.13 | 17.00 | 128.00 | 145.00 | OK |
Version: 0.1.13
Check: data for non-ASCII characters
Result: NOTE
Note: found 47 marked UTF-8 strings
Flavors: r-devel-linux-x86_64-fedora-clang, r-devel-linux-x86_64-fedora-gcc