Last updated on 2023-12-08 05:02:02 CET.
Flavor | Version | Tinstall | Tcheck | Ttotal | Status | Flags |
---|---|---|---|---|---|---|
r-devel-linux-x86_64-debian-clang | 0.2.5 | 4.40 | 63.69 | 68.09 | NOTE | |
r-devel-linux-x86_64-debian-gcc | 0.2.5 | 4.07 | 48.85 | 52.92 | NOTE | |
r-devel-linux-x86_64-fedora-clang | 0.2.5 | 90.48 | NOTE | |||
r-devel-linux-x86_64-fedora-gcc | 0.2.5 | 97.62 | NOTE | |||
r-devel-windows-x86_64 | 0.2.5 | 6.00 | 125.00 | 131.00 | NOTE | |
r-patched-linux-x86_64 | 0.2.5 | 6.00 | 61.59 | 67.59 | NOTE | |
r-release-linux-x86_64 | 0.2.5 | 3.79 | 62.37 | 66.16 | NOTE | |
r-release-macos-arm64 | 0.2.5 | 36.00 | NOTE | |||
r-release-macos-x86_64 | 0.2.5 | 48.00 | NOTE | |||
r-release-windows-x86_64 | 0.2.5 | 7.00 | 77.00 | 84.00 | NOTE | |
r-oldrel-macos-arm64 | 0.2.5 | 32.00 | OK | |||
r-oldrel-macos-x86_64 | 0.2.5 | 38.00 | OK | |||
r-oldrel-windows-x86_64 | 0.2.5 | 8.00 | 81.00 | 89.00 | OK |
Version: 0.2.5
Check: Rd files
Result: NOTE
checkRd: (-1) barriers.Rd:127: Escaped LaTeX specials: \$
Flavors: r-devel-linux-x86_64-debian-clang, r-devel-linux-x86_64-debian-gcc, r-devel-linux-x86_64-fedora-clang, r-devel-linux-x86_64-fedora-gcc, r-devel-windows-x86_64, r-patched-linux-x86_64, r-release-linux-x86_64, r-release-macos-arm64, r-release-macos-x86_64, r-release-windows-x86_64