Last updated on 2023-12-10 04:55:55 CET.
Flavor | Version | Tinstall | Tcheck | Ttotal | Status | Flags |
---|---|---|---|---|---|---|
r-devel-linux-x86_64-debian-clang | 0.0.1 | 33.37 | 82.32 | 115.69 | NOTE | |
r-devel-linux-x86_64-debian-gcc | 0.0.1 | 19.92 | 63.84 | 83.76 | NOTE | |
r-devel-linux-x86_64-fedora-clang | 0.0.1 | 152.21 | NOTE | |||
r-devel-linux-x86_64-fedora-gcc | 0.0.1 | 142.39 | NOTE | |||
r-devel-windows-x86_64 | 0.0.1 | 26.00 | 96.00 | 122.00 | NOTE | |
r-patched-linux-x86_64 | 0.0.1 | 27.78 | 82.71 | 110.49 | NOTE | |
r-release-linux-x86_64 | 0.0.1 | 23.61 | 80.48 | 104.09 | NOTE | |
r-release-macos-arm64 | 0.0.1 | 45.00 | NOTE | |||
r-release-macos-x86_64 | 0.0.1 | 71.00 | NOTE | |||
r-release-windows-x86_64 | 0.0.1 | 32.00 | 115.00 | 147.00 | NOTE | |
r-oldrel-macos-arm64 | 0.0.1 | 43.00 | NOTE | |||
r-oldrel-macos-x86_64 | 0.0.1 | 57.00 | NOTE | |||
r-oldrel-windows-x86_64 | 0.0.1 | 31.00 | 110.00 | 141.00 | NOTE |
Version: 0.0.1
Check: LazyData
Result: NOTE
'LazyData' is specified without a 'data' directory
Flavors: r-devel-linux-x86_64-debian-clang, r-devel-linux-x86_64-debian-gcc, r-devel-linux-x86_64-fedora-clang, r-devel-linux-x86_64-fedora-gcc, r-devel-windows-x86_64, r-patched-linux-x86_64, r-release-linux-x86_64, r-release-macos-arm64, r-release-macos-x86_64, r-release-windows-x86_64, r-oldrel-macos-arm64, r-oldrel-macos-x86_64, r-oldrel-windows-x86_64