CRAN Package Check Results for Package densityarea

Last updated on 2024-02-29 04:54:12 CET.

Flavor Version Tinstall Tcheck Ttotal Status Flags
r-devel-linux-x86_64-debian-clang 0.1.0 5.70 127.84 133.54 OK
r-devel-linux-x86_64-debian-gcc 0.1.0 5.99 97.21 103.20 OK
r-devel-linux-x86_64-fedora-clang 0.1.0 165.88 NOTE
r-devel-linux-x86_64-fedora-gcc 0.1.0 174.98 NOTE
r-devel-windows-x86_64 0.1.0 7.00 119.00 126.00 OK
r-patched-linux-x86_64 0.1.0 13.68 127.41 141.09 OK
r-release-linux-x86_64 0.1.0 6.90 127.12 134.02 OK
r-release-macos-arm64 0.1.0 67.00 OK
r-release-macos-x86_64 0.1.0 114.00 OK
r-release-windows-x86_64 0.1.0 11.00 140.00 151.00 OK
r-oldrel-macos-arm64 0.1.0 54.00 OK
r-oldrel-windows-x86_64 0.1.0 10.00 143.00 153.00 OK

Check Details

Version: 0.1.0
Check: data for non-ASCII characters
Result: NOTE Note: found 2534 marked UTF-8 strings Flavors: r-devel-linux-x86_64-fedora-clang, r-devel-linux-x86_64-fedora-gcc