Last updated on 2023-11-28 04:57:15 CET.
Flavor | Version | Tinstall | Tcheck | Ttotal | Status | Flags |
---|---|---|---|---|---|---|
r-devel-linux-x86_64-debian-clang | 0.1-1 | 16.71 | 112.72 | 129.43 | OK | |
r-devel-linux-x86_64-debian-gcc | 0.1-1 | 12.48 | 82.25 | 94.73 | OK | |
r-devel-linux-x86_64-fedora-clang | 0.1-1 | 165.56 | OK | |||
r-devel-linux-x86_64-fedora-gcc | 0.1-1 | 152.26 | OK | |||
r-devel-windows-x86_64 | 0.1-1 | 68.00 | 223.00 | 291.00 | OK | |
r-patched-linux-x86_64 | 0.1-1 | 10.04 | 106.16 | 116.20 | OK | |
r-release-linux-x86_64 | 0.1-1 | 9.71 | 104.05 | 113.76 | OK | |
r-release-macos-arm64 | 0.1-1 | 47.00 | OK | |||
r-release-macos-x86_64 | 0.1-1 | 71.00 | NOTE | |||
r-release-windows-x86_64 | 0.1-1 | 43.00 | 186.00 | 229.00 | OK | |
r-oldrel-macos-arm64 | 0.1-1 | 45.00 | OK | |||
r-oldrel-macos-x86_64 | 0.1-1 | 69.00 | OK | |||
r-oldrel-windows-x86_64 | 0.1-1 | 45.00 | 175.00 | 220.00 | OK |
Version: 0.1-1
Check: package dependencies
Result: NOTE
Packages suggested but not available for checking: 'tram', 'cotram'
Flavor: r-release-macos-x86_64
Version: 0.1-1
Check: Rd cross-references
Result: NOTE
Package unavailable to check Rd xrefs: ‘tram’
Flavor: r-release-macos-x86_64