CRAN Package Check Results for Package declared

Last updated on 2024-07-19 05:57:31 CEST.

Flavor Version Tinstall Tcheck Ttotal Status Flags
r-devel-linux-x86_64-debian-clang 0.24 9.16 61.52 70.68 NOTE
r-devel-linux-x86_64-debian-gcc 0.24 5.34 44.92 50.26 NOTE
r-devel-linux-x86_64-fedora-clang 0.24 88.01 NOTE
r-devel-linux-x86_64-fedora-gcc 0.24 79.62 NOTE
r-devel-windows-x86_64 0.24 9.00 60.00 69.00 NOTE
r-patched-linux-x86_64 0.24 8.23 57.82 66.05 OK
r-release-linux-x86_64 0.24 5.84 58.96 64.80 OK
r-release-macos-arm64 0.24 25.00 OK
r-release-macos-x86_64 0.24 37.00 OK
r-release-windows-x86_64 0.24 9.00 58.00 67.00 OK
r-oldrel-macos-arm64 0.24 31.00 OK
r-oldrel-macos-x86_64 0.24 75.00 OK
r-oldrel-windows-x86_64 0.24 15.00 69.00 84.00 OK

Check Details

Version: 0.24
Check: compiled code
Result: NOTE File ‘declared/libs/declared.so’: Found non-API calls to R: ‘ENVFLAGS’, ‘SET_ENVFLAGS’ Compiled code should not call non-API entry points in R. See ‘Writing portable packages’ in the ‘Writing R Extensions’ manual, and section ‘Moving into C API compliance’ for issues with the use of non-API entry points. Flavors: r-devel-linux-x86_64-debian-clang, r-devel-linux-x86_64-debian-gcc, r-devel-linux-x86_64-fedora-clang, r-devel-linux-x86_64-fedora-gcc

Version: 0.24
Check: compiled code
Result: NOTE File 'declared/libs/x64/declared.dll': Found non-API calls to R: 'ENVFLAGS', 'SET_ENVFLAGS' Compiled code should not call non-API entry points in R. See 'Writing portable packages' in the 'Writing R Extensions' manual, and section 'Moving into C API compliance' for issues with the use of non-API entry points. Flavor: r-devel-windows-x86_64