CRAN Package Check Results for Package dcortools

Last updated on 2024-02-27 04:50:34 CET.

Flavor Version Tinstall Tcheck Ttotal Status Flags
r-devel-linux-x86_64-debian-clang 0.1.6 69.32 57.39 126.71 NOTE
r-devel-linux-x86_64-debian-gcc 0.1.6 53.83 43.74 97.57 NOTE
r-devel-linux-x86_64-fedora-clang 0.1.6 182.19 NOTE
r-devel-linux-x86_64-fedora-gcc 0.1.6 177.77 NOTE
r-devel-windows-x86_64 0.1.6 56.00 83.00 139.00 NOTE
r-patched-linux-x86_64 0.1.6 56.23 56.65 112.88 NOTE
r-release-linux-x86_64 0.1.6 50.69 56.45 107.14 NOTE
r-release-macos-arm64 0.1.6 43.00 NOTE
r-release-macos-x86_64 0.1.6 75.00 NOTE
r-release-windows-x86_64 0.1.6 70.00 92.00 162.00 NOTE
r-oldrel-macos-arm64 0.1.6 44.00 OK
r-oldrel-windows-x86_64 0.1.6 70.00 93.00 163.00 OK

Check Details

Version: 0.1.6
Check: C++ specification
Result: NOTE Specified C++11: please drop specification unless essential Flavors: r-devel-linux-x86_64-debian-clang, r-devel-linux-x86_64-debian-gcc, r-devel-linux-x86_64-fedora-clang, r-devel-linux-x86_64-fedora-gcc, r-devel-windows-x86_64, r-patched-linux-x86_64, r-release-linux-x86_64, r-release-macos-arm64, r-release-macos-x86_64, r-release-windows-x86_64