Last updated on 2023-12-07 04:56:20 CET.
Flavor | Version | Tinstall | Tcheck | Ttotal | Status | Flags |
---|---|---|---|---|---|---|
r-devel-linux-x86_64-debian-clang | 1.2.0 | 14.85 | 208.53 | 223.38 | NOTE | |
r-devel-linux-x86_64-debian-gcc | 1.2.0 | 10.32 | 160.65 | 170.97 | NOTE | |
r-devel-linux-x86_64-fedora-clang | 1.2.0 | 280.10 | OK | |||
r-devel-linux-x86_64-fedora-gcc | 1.2.0 | 287.00 | OK | |||
r-devel-windows-x86_64 | 1.2.0 | 11.00 | 225.00 | 236.00 | OK | |
r-patched-linux-x86_64 | 1.2.0 | 15.94 | 206.73 | 222.67 | OK | |
r-release-linux-x86_64 | 1.2.0 | 11.22 | 206.37 | 217.59 | OK | |
r-release-macos-arm64 | 1.2.0 | 89.00 | OK | |||
r-release-macos-x86_64 | 1.2.0 | 315.00 | OK | |||
r-release-windows-x86_64 | 1.2.0 | 16.00 | 245.00 | 261.00 | OK | |
r-oldrel-macos-arm64 | 1.2.0 | 139.00 | OK | |||
r-oldrel-macos-x86_64 | 1.2.0 | 202.00 | OK | |||
r-oldrel-windows-x86_64 | 1.2.0 | 16.00 | 243.00 | 259.00 | OK |
Version: 1.2.0
Check: Rd files
Result: NOTE
checkRd: (-1) dNMF.Rd:76: Lost braces; missing escapes or markup?
76 | The number of low-dimension (J < {N, M}, Default: 3)
| ^
checkRd: (-1) dNMF.Rd:103: Lost braces; missing escapes or markup?
103 | U : A matrix which has N-rows and J-columns (J < {N, M}).
| ^
checkRd: (-1) dNMF.Rd:104: Lost braces; missing escapes or markup?
104 | V : A matrix which has M-rows and J-columns (J < {N, M}).
| ^
checkRd: (-1) dPLS.Rd:53: Lost braces; missing escapes or markup?
53 | The number of low-dimension (J < {N, M}, Default: 3)
| ^
checkRd: (-1) dPLS.Rd:74: Lost braces; missing escapes or markup?
74 | U : A matrix which has N-rows and J-columns (J < {N, M}).
| ^
checkRd: (-1) dPLS.Rd:75: Lost braces; missing escapes or markup?
75 | V : A matrix which has M-rows and J-columns (J < {N, M}).
| ^
checkRd: (-1) dSVD.Rd:60: Lost braces; missing escapes or markup?
60 | The number of low-dimension (J < {N, M}, Default: 3)
| ^
checkRd: (-1) dSVD.Rd:81: Lost braces; missing escapes or markup?
81 | U : A matrix which has N-rows and J-columns (J < {N, M}).
| ^
checkRd: (-1) dSVD.Rd:82: Lost braces; missing escapes or markup?
82 | V : A matrix which has M-rows and J-columns (J < {N, M}).
| ^
Flavors: r-devel-linux-x86_64-debian-clang, r-devel-linux-x86_64-debian-gcc