Last updated on 2023-12-03 04:56:03 CET.
Flavor | Version | Tinstall | Tcheck | Ttotal | Status | Flags |
---|---|---|---|---|---|---|
r-devel-linux-x86_64-debian-clang | 1.1-12 | 185.33 | 101.41 | 286.74 | OK | |
r-devel-linux-x86_64-debian-gcc | 1.1-12 | 107.60 | 76.82 | 184.42 | OK | |
r-devel-linux-x86_64-fedora-clang | 1.1-12 | 461.41 | OK | |||
r-devel-linux-x86_64-fedora-gcc | 1.1-12 | 452.78 | OK | |||
r-devel-windows-x86_64 | 1.1-12 | 139.00 | 155.00 | 294.00 | OK | |
r-patched-linux-x86_64 | 1.1-12 | 155.59 | 98.71 | 254.30 | OK | |
r-release-linux-x86_64 | 1.1-11 | 140.28 | 100.53 | 240.81 | NOTE | |
r-release-macos-arm64 | 1.1-12 | 100.00 | NOTE | |||
r-release-macos-x86_64 | 1.1-12 | 177.00 | NOTE | |||
r-release-windows-x86_64 | 1.1-12 | 178.00 | 169.00 | 347.00 | OK | |
r-oldrel-macos-arm64 | 1.1-12 | 95.00 | NOTE | |||
r-oldrel-macos-x86_64 | 1.1-11 | 145.00 | NOTE | |||
r-oldrel-windows-x86_64 | 1.1-12 | 159.00 | 156.00 | 315.00 | OK |
Version: 1.1-11
Check: C++ specification
Result: NOTE
Specified C++11: please drop specification unless essential
Flavor: r-release-linux-x86_64
Version: 1.1-12
Check: installed package size
Result: NOTE
installed size is 9.6Mb
sub-directories of 1Mb or more:
doc 2.6Mb
libs 6.4Mb
Flavors: r-release-macos-arm64, r-release-macos-x86_64, r-oldrel-macos-arm64
Version: 1.1-11
Check: installed package size
Result: NOTE
installed size is 9.9Mb
sub-directories of 1Mb or more:
doc 2.6Mb
libs 6.7Mb
Flavor: r-oldrel-macos-x86_64