Last updated on 2023-12-11 04:51:01 CET.
Flavor | Version | Tinstall | Tcheck | Ttotal | Status | Flags |
---|---|---|---|---|---|---|
r-devel-linux-x86_64-debian-clang | 0.0-22 | 3.69 | 59.08 | 62.77 | NOTE | |
r-devel-linux-x86_64-debian-gcc | 0.0-22 | 2.67 | 43.06 | 45.73 | NOTE | |
r-devel-linux-x86_64-fedora-clang | 0.0-22 | 80.27 | OK | |||
r-devel-linux-x86_64-fedora-gcc | 0.0-22 | 74.23 | OK | |||
r-devel-windows-x86_64 | 0.0-22 | 4.00 | 71.00 | 75.00 | OK | |
r-patched-linux-x86_64 | 0.0-22 | 5.46 | 57.55 | 63.01 | OK | |
r-release-linux-x86_64 | 0.0-22 | 3.75 | 58.41 | 62.16 | OK | |
r-release-macos-arm64 | 0.0-22 | 25.00 | OK | |||
r-release-macos-x86_64 | 0.0-22 | 39.00 | OK | |||
r-release-windows-x86_64 | 0.0-22 | 5.00 | 72.00 | 77.00 | OK | |
r-oldrel-macos-arm64 | 0.0-22 | 24.00 | OK | |||
r-oldrel-macos-x86_64 | 0.0-22 | 33.00 | OK | |||
r-oldrel-windows-x86_64 | 0.0-22 | 6.00 | 72.00 | 78.00 | OK |
Version: 0.0-22
Check: Rd files
Result: NOTE
checkRd: (-1) plot.mleBb.Rd:48: Lost braces
48 | \ code{size} is extracted from argument \code{x}.
| ^
Flavors: r-devel-linux-x86_64-debian-clang, r-devel-linux-x86_64-debian-gcc