CRAN Package Check Results for Package dbMC

Last updated on 2024-02-26 04:49:24 CET.

Flavor Version Tinstall Tcheck Ttotal Status Flags
r-devel-linux-x86_64-debian-clang 1.0.0 3.46 26.99 30.45 NOTE
r-devel-linux-x86_64-debian-gcc 1.0.0 3.20 21.41 24.61 NOTE
r-devel-linux-x86_64-fedora-clang 1.0.0 39.34 NOTE
r-devel-linux-x86_64-fedora-gcc 1.0.0 50.37 NOTE
r-devel-windows-x86_64 1.0.0 4.00 43.00 47.00 OK
r-patched-linux-x86_64 1.0.0 3.06 27.00 30.06 OK
r-release-linux-x86_64 1.0.0 4.15 26.78 30.93 OK
r-release-macos-arm64 1.0.0 26.00 OK
r-release-macos-x86_64 1.0.0 33.00 OK
r-release-windows-x86_64 1.0.0 5.00 44.00 49.00 OK
r-oldrel-macos-arm64 1.0.0 17.00 NOTE
r-oldrel-windows-x86_64 1.0.0 5.00 46.00 51.00 OK

Check Details

Version: 1.0.0
Check: Rd files
Result: NOTE checkRd: (-1) CI_mc.Rd:10: Lost braces; missing escapes or markup? 10 | \item{i}{the row index of the interest entry X_{i,j}} | ^ checkRd: (-1) CI_mc.Rd:12: Lost braces; missing escapes or markup? 12 | \item{j}{the row index of the interest entry X_{i,j}} | ^ Flavors: r-devel-linux-x86_64-debian-clang, r-devel-linux-x86_64-debian-gcc

Version: 1.0.0
Check: dependencies in R code
Result: NOTE Namespace in Imports field not imported from: ‘softImpute’ All declared Imports should be used. Flavors: r-devel-linux-x86_64-fedora-clang, r-devel-linux-x86_64-fedora-gcc, r-oldrel-macos-arm64