Last updated on 2023-12-10 04:55:54 CET.
Flavor | Version | Tinstall | Tcheck | Ttotal | Status | Flags |
---|---|---|---|---|---|---|
r-devel-linux-x86_64-debian-clang | 0.6.8 | 19.74 | 125.48 | 145.22 | NOTE | |
r-devel-linux-x86_64-debian-gcc | 0.6.8 | 19.68 | 94.85 | 114.53 | NOTE | |
r-devel-linux-x86_64-fedora-clang | 0.6.8 | 194.53 | NOTE | |||
r-devel-linux-x86_64-fedora-gcc | 0.6.8 | 199.86 | NOTE | |||
r-devel-windows-x86_64 | 0.6.8 | 24.00 | 336.00 | 360.00 | OK | |
r-patched-linux-x86_64 | 0.6.8 | 34.07 | 121.01 | 155.08 | OK | |
r-release-linux-x86_64 | 0.6.8 | 16.79 | 118.46 | 135.25 | OK | |
r-release-macos-arm64 | 0.6.8 | 214.00 | NOTE | |||
r-release-macos-x86_64 | 0.6.8 | 265.00 | NOTE | |||
r-release-windows-x86_64 | 0.6.8 | 29.00 | 356.00 | 385.00 | OK | |
r-oldrel-macos-arm64 | 0.6.8 | 216.00 | NOTE | |||
r-oldrel-macos-x86_64 | 0.6.8 | 234.00 | NOTE | |||
r-oldrel-windows-x86_64 | 0.6.8 | 30.00 | 333.00 | 363.00 | OK |
Version: 0.6.8
Check: Rd files
Result: NOTE
checkRd: (-1) is_datelife_query.Rd:17: Lost braces; missing escapes or markup?
17 | First, that \code{input} is of class {datelifeQuery}.
| ^
Flavors: r-devel-linux-x86_64-debian-clang, r-devel-linux-x86_64-debian-gcc
Version: 0.6.8
Check: package dependencies
Result: NOTE
Imports includes 22 non-default packages.
Importing from so many packages makes the package vulnerable to any of
them becoming unavailable. Move as many as possible to Suggests and
use conditionally.
Flavor: r-devel-linux-x86_64-fedora-clang
Version: 0.6.8
Check: data for non-ASCII characters
Result: NOTE
Note: found 2596 marked UTF-8 strings
Flavors: r-devel-linux-x86_64-fedora-clang, r-devel-linux-x86_64-fedora-gcc
Version: 0.6.8
Check: package dependencies
Result: NOTE
Package suggested but not available for checking: ‘msa’
Flavors: r-release-macos-arm64, r-release-macos-x86_64, r-oldrel-macos-arm64, r-oldrel-macos-x86_64
Version: 0.6.8
Check: installed package size
Result: NOTE
installed size is 5.6Mb
sub-directories of 1Mb or more:
data 3.5Mb
Flavors: r-release-macos-arm64, r-release-macos-x86_64, r-oldrel-macos-arm64