CRAN Package Check Results for Package dang

Last updated on 2024-02-27 04:50:34 CET.

Flavor Version Tinstall Tcheck Ttotal Status Flags
r-devel-linux-x86_64-debian-clang 0.0.16 6.79 26.99 33.78 OK
r-devel-linux-x86_64-debian-gcc 0.0.16 5.38 20.43 25.81 OK
r-devel-linux-x86_64-fedora-clang 0.0.16 46.28 OK
r-devel-linux-x86_64-fedora-gcc 0.0.16 43.30 OK
r-devel-windows-x86_64 0.0.16 9.00 58.00 67.00 OK
r-patched-linux-x86_64 0.0.16 6.14 26.45 32.59 OK
r-release-linux-x86_64 0.0.16 6.37 25.96 32.33 OK
r-release-macos-arm64 0.0.16 24.00 OK
r-release-macos-x86_64 0.0.16 46.00 OK
r-release-windows-x86_64 0.0.16 11.00 62.00 73.00 OK
r-oldrel-macos-arm64 0.0.16 22.00 WARN
r-oldrel-windows-x86_64 0.0.16 10.00 62.00 72.00 WARN

Check Details

Version: 0.0.16
Check: S3 generic/method consistency
Result: WARN str: function(object, ...) str.language: function(expr, name, indent) See section ‘Generic functions and methods’ in the ‘Writing R Extensions’ manual. Found the following apparent S3 methods exported but not registered: str.language See section ‘Registering S3 methods’ in the ‘Writing R Extensions’ manual. Flavors: r-oldrel-macos-arm64, r-oldrel-windows-x86_64